{"id":1719,"date":"2018-10-27T15:45:39","date_gmt":"2018-10-27T13:45:39","guid":{"rendered":"http:\/\/colophon-grignan.fr\/?page_id=1719"},"modified":"2019-11-04T16:31:16","modified_gmt":"2019-11-04T15:31:16","slug":"festival-2e-roman-grignan","status":"publish","type":"page","link":"https:\/\/colophon-grignan.fr\/index.php\/festival-2e-roman-grignan\/","title":{"rendered":"Festival du 2e roman 2019, Grignan"},"content":{"rendered":"<h4>RENCONTRES DU IIe TITRE,<br \/><em>Le deuxi\u00e8me roman, une entr\u00e9e en litt\u00e9rature<\/em><\/h4>\n<p>FESTIVAL DU DEUXIEME ROMAN GRIGNAN<\/p>\n<p>2003 : CR\u00c9ATION<br \/>2009 : CR\u00c9ATION DU PRIX RENCONTRES DU IIe TITRE<br \/>Juillet 2017 : CREATION DU FESTIVAL DU DEUXIEME ROMAN GRIGNAN<\/p>\n<p><strong><img loading=\"lazy\" decoding=\"async\" src=\"https:\/\/colophon-grignan.fr\/wp-content\/uploads\/2019\/04\/Visuel-2e-roman.jpg\" alt=\"\" class=\"alignnone  wp-image-2993\" scale=\"0\" width=\"241\" height=\"245\" srcset=\"https:\/\/colophon-grignan.fr\/wp-content\/uploads\/2019\/04\/Visuel-2e-roman.jpg 1009w, https:\/\/colophon-grignan.fr\/wp-content\/uploads\/2019\/04\/Visuel-2e-roman-600x609.jpg 600w, https:\/\/colophon-grignan.fr\/wp-content\/uploads\/2019\/04\/Visuel-2e-roman-148x150.jpg 148w, https:\/\/colophon-grignan.fr\/wp-content\/uploads\/2019\/04\/Visuel-2e-roman-296x300.jpg 296w, https:\/\/colophon-grignan.fr\/wp-content\/uploads\/2019\/04\/Visuel-2e-roman-768x779.jpg 768w, https:\/\/colophon-grignan.fr\/wp-content\/uploads\/2019\/04\/Visuel-2e-roman-50x50.jpg 50w\" sizes=\"auto, (max-width: 241px) 100vw, 241px\" \/><br \/>Rencontres samedi 18 et dimanche 19 mai 2019<br \/>17e \u00e9dition<br \/><\/strong><br \/>Le comit\u00e9 de lecture a lu 30 livres<\/p>\n<p>Prix <em>Rencontres du IIe titre 2019\u00a0 <strong>Le coeur blanc <\/strong><\/em><strong>CATHERINE POULAIN<\/strong><em><strong> Editions de l&rsquo;Olivier<\/strong><\/em><\/p>\n<p><strong>Ecrivains invit\u00e9s<\/strong><\/p>\n<p><\/p>\n<p><img loading=\"lazy\" decoding=\"async\" class=\"alignnone  wp-image-2062\" src=\"https:\/\/colophon-grignan.fr\/wp-content\/uploads\/2019\/03\/jerome-chantreau-\u00a9-Bruno-Klein-A-utiliser-e1552498200224.jpg\" alt=\"\" scale=\"0\" width=\"100\" height=\"151\" \/><strong><img loading=\"lazy\" decoding=\"async\" class=\"alignnone  wp-image-2061\" src=\"https:\/\/colophon-grignan.fr\/wp-content\/uploads\/2019\/03\/Couverture-J\u00e9r\u00f4me.jpg\" alt=\"\" scale=\"0\" width=\"93\" height=\"149\" srcset=\"https:\/\/colophon-grignan.fr\/wp-content\/uploads\/2019\/03\/Couverture-J\u00e9r\u00f4me.jpg 351w, https:\/\/colophon-grignan.fr\/wp-content\/uploads\/2019\/03\/Couverture-J\u00e9r\u00f4me-187x300.jpg 187w\" sizes=\"auto, (max-width: 93px) 100vw, 93px\" \/> JEROME CHANTREAU<br \/><\/strong><em>Les enfants de ma m\u00e8re <\/em>Editions Les Escales<strong><br \/><\/strong><\/p>\n<p><img loading=\"lazy\" decoding=\"async\" class=\"alignnone  wp-image-1808\" src=\"https:\/\/colophon-grignan.fr\/wp-content\/uploads\/2019\/01\/FEL-J\u00e9r\u00e9my_mai2018-mai-2020-\u00a9Alexandre-Isard.jpg\" alt=\"\" scale=\"0\" width=\"100\" height=\"85\" srcset=\"https:\/\/colophon-grignan.fr\/wp-content\/uploads\/2019\/01\/FEL-J\u00e9r\u00e9my_mai2018-mai-2020-\u00a9Alexandre-Isard.jpg 1024w, https:\/\/colophon-grignan.fr\/wp-content\/uploads\/2019\/01\/FEL-J\u00e9r\u00e9my_mai2018-mai-2020-\u00a9Alexandre-Isard-600x515.jpg 600w, https:\/\/colophon-grignan.fr\/wp-content\/uploads\/2019\/01\/FEL-J\u00e9r\u00e9my_mai2018-mai-2020-\u00a9Alexandre-Isard-300x257.jpg 300w, https:\/\/colophon-grignan.fr\/wp-content\/uploads\/2019\/01\/FEL-J\u00e9r\u00e9my_mai2018-mai-2020-\u00a9Alexandre-Isard-768x659.jpg 768w, https:\/\/colophon-grignan.fr\/wp-content\/uploads\/2019\/01\/FEL-J\u00e9r\u00e9my_mai2018-mai-2020-\u00a9Alexandre-Isard-1260x1081.jpg 1260w\" sizes=\"auto, (max-width: 100px) 100vw, 100px\" \/><img loading=\"lazy\" decoding=\"async\" class=\"alignnone  wp-image-1809\" src=\"https:\/\/colophon-grignan.fr\/wp-content\/uploads\/2019\/01\/Couverture.jpg\" alt=\"\" scale=\"0\" width=\"59\" height=\"86\" srcset=\"https:\/\/colophon-grignan.fr\/wp-content\/uploads\/2019\/01\/Couverture.jpg 220w, https:\/\/colophon-grignan.fr\/wp-content\/uploads\/2019\/01\/Couverture-206x300.jpg 206w\" sizes=\"auto, (max-width: 59px) 100vw, 59px\" \/> <strong>JEREMY FEL <\/strong><em>Helena <\/em>Editions Rivages<\/p>\n<p><strong><img loading=\"lazy\" decoding=\"async\" class=\"alignnone  wp-image-1835\" src=\"https:\/\/colophon-grignan.fr\/wp-content\/uploads\/2019\/01\/Photo.jpg\" alt=\"\" scale=\"0\" width=\"100\" height=\"119\" srcset=\"https:\/\/colophon-grignan.fr\/wp-content\/uploads\/2019\/01\/Photo.jpg 370w, https:\/\/colophon-grignan.fr\/wp-content\/uploads\/2019\/01\/Photo-252x300.jpg 252w\" sizes=\"auto, (max-width: 100px) 100vw, 100px\" \/><img loading=\"lazy\" decoding=\"async\" class=\"alignnone  wp-image-1834\" src=\"https:\/\/colophon-grignan.fr\/wp-content\/uploads\/2019\/01\/Couverture-2.jpg\" alt=\"\" scale=\"0\" width=\"84\" height=\"123\" srcset=\"https:\/\/colophon-grignan.fr\/wp-content\/uploads\/2019\/01\/Couverture-2.jpg 260w, https:\/\/colophon-grignan.fr\/wp-content\/uploads\/2019\/01\/Couverture-2-205x300.jpg 205w\" sizes=\"auto, (max-width: 84px) 100vw, 84px\" \/> CLAIRE GALLEN <\/strong><em>Rien \u00e0 voir avec l&rsquo;amour <br \/><\/em>Editions du Rouergue<\/p>\n<p><img loading=\"lazy\" decoding=\"async\" class=\"alignnone  wp-image-1815\" src=\"https:\/\/colophon-grignan.fr\/wp-content\/uploads\/2019\/01\/Catherine-Poulain-c-Maurice-Rougemont.jpg\" alt=\"\" scale=\"0\" width=\"101\" height=\"131\" srcset=\"https:\/\/colophon-grignan.fr\/wp-content\/uploads\/2019\/01\/Catherine-Poulain-c-Maurice-Rougemont.jpg 788w, https:\/\/colophon-grignan.fr\/wp-content\/uploads\/2019\/01\/Catherine-Poulain-c-Maurice-Rougemont-600x780.jpg 600w, https:\/\/colophon-grignan.fr\/wp-content\/uploads\/2019\/01\/Catherine-Poulain-c-Maurice-Rougemont-231x300.jpg 231w, https:\/\/colophon-grignan.fr\/wp-content\/uploads\/2019\/01\/Catherine-Poulain-c-Maurice-Rougemont-768x998.jpg 768w, https:\/\/colophon-grignan.fr\/wp-content\/uploads\/2019\/01\/Catherine-Poulain-c-Maurice-Rougemont-1260x1637.jpg 1260w\" sizes=\"auto, (max-width: 101px) 100vw, 101px\" \/><strong><img loading=\"lazy\" decoding=\"async\" class=\"alignnone  wp-image-1811\" src=\"https:\/\/colophon-grignan.fr\/wp-content\/uploads\/2019\/01\/Couverture-1.jpg\" alt=\"\" scale=\"0\" width=\"89\" height=\"130\" srcset=\"https:\/\/colophon-grignan.fr\/wp-content\/uploads\/2019\/01\/Couverture-1.jpg 409w, https:\/\/colophon-grignan.fr\/wp-content\/uploads\/2019\/01\/Couverture-1-205x300.jpg 205w\" sizes=\"auto, (max-width: 89px) 100vw, 89px\" \/> CATHERINE POULAIN <\/strong><em>Le coeur blanc <br \/><\/em>Editions de l&rsquo;Olivier<\/p>\n<p>&#8211;<\/p>\n<p style=\"text-align: right;\">D\u00e9lib\u00e9rations du jury le 4 mai \u00e0 15h30 sous la pr\u00e9sidence de<br \/><strong>PHILIPPE\u00a0 SEGUR<\/strong><br \/><img loading=\"lazy\" decoding=\"async\" class=\"alignnone  wp-image-1689\" src=\"https:\/\/colophon-grignan.fr\/wp-content\/uploads\/2018\/10\/Photo-5.jpg\" alt=\"\" scale=\"0\" width=\"180\" height=\"120\" srcset=\"https:\/\/colophon-grignan.fr\/wp-content\/uploads\/2018\/10\/Photo-5.jpg 1024w, https:\/\/colophon-grignan.fr\/wp-content\/uploads\/2018\/10\/Photo-5-600x400.jpg 600w, https:\/\/colophon-grignan.fr\/wp-content\/uploads\/2018\/10\/Photo-5-300x200.jpg 300w, https:\/\/colophon-grignan.fr\/wp-content\/uploads\/2018\/10\/Photo-5-768x512.jpg 768w, https:\/\/colophon-grignan.fr\/wp-content\/uploads\/2018\/10\/Photo-5-1260x840.jpg 1260w\" sizes=\"auto, (max-width: 180px) 100vw, 180px\" \/><img loading=\"lazy\" decoding=\"async\" class=\"alignnone  wp-image-1838\" src=\"https:\/\/colophon-grignan.fr\/wp-content\/uploads\/2019\/01\/Couverture-Philippe.jpg\" alt=\"\" scale=\"0\" width=\"84\" height=\"122\" srcset=\"https:\/\/colophon-grignan.fr\/wp-content\/uploads\/2019\/01\/Couverture-Philippe.jpg 706w, https:\/\/colophon-grignan.fr\/wp-content\/uploads\/2019\/01\/Couverture-Philippe-600x870.jpg 600w, https:\/\/colophon-grignan.fr\/wp-content\/uploads\/2019\/01\/Couverture-Philippe-207x300.jpg 207w, https:\/\/colophon-grignan.fr\/wp-content\/uploads\/2019\/01\/Couverture-Philippe-768x1114.jpg 768w\" sizes=\"auto, (max-width: 84px) 100vw, 84px\" \/><em><strong><\/strong><\/em><\/p>\n<p><img loading=\"lazy\" decoding=\"async\" src=\"https:\/\/colophon-grignan.fr\/wp-content\/uploads\/2019\/04\/festival2eroman20192-1.jpg\" alt=\"\" class=\"alignnone size-full wp-image-2995\" scale=\"0\" width=\"1024\" height=\"728\" srcset=\"https:\/\/colophon-grignan.fr\/wp-content\/uploads\/2019\/04\/festival2eroman20192-1.jpg 1024w, https:\/\/colophon-grignan.fr\/wp-content\/uploads\/2019\/04\/festival2eroman20192-1-600x427.jpg 600w, https:\/\/colophon-grignan.fr\/wp-content\/uploads\/2019\/04\/festival2eroman20192-1-150x107.jpg 150w, https:\/\/colophon-grignan.fr\/wp-content\/uploads\/2019\/04\/festival2eroman20192-1-300x213.jpg 300w, https:\/\/colophon-grignan.fr\/wp-content\/uploads\/2019\/04\/festival2eroman20192-1-768x546.jpg 768w\" sizes=\"auto, (max-width: 1024px) 100vw, 1024px\" \/><\/p>\n<p><img loading=\"lazy\" decoding=\"async\" src=\"https:\/\/colophon-grignan.fr\/wp-content\/uploads\/2019\/04\/festival2eroman2019-2.jpg\" alt=\"\" class=\"alignnone size-full wp-image-2994\" scale=\"0\" width=\"1024\" height=\"728\" srcset=\"https:\/\/colophon-grignan.fr\/wp-content\/uploads\/2019\/04\/festival2eroman2019-2.jpg 1024w, https:\/\/colophon-grignan.fr\/wp-content\/uploads\/2019\/04\/festival2eroman2019-2-600x427.jpg 600w, https:\/\/colophon-grignan.fr\/wp-content\/uploads\/2019\/04\/festival2eroman2019-2-150x107.jpg 150w, https:\/\/colophon-grignan.fr\/wp-content\/uploads\/2019\/04\/festival2eroman2019-2-300x213.jpg 300w, https:\/\/colophon-grignan.fr\/wp-content\/uploads\/2019\/04\/festival2eroman2019-2-768x546.jpg 768w\" sizes=\"auto, (max-width: 1024px) 100vw, 1024px\" \/><\/p>\n<p style=\"text-align: right;\"><img loading=\"lazy\" decoding=\"async\" src=\"https:\/\/colophon-grignan.fr\/wp-content\/uploads\/2018\/10\/logo-grignan.png\" alt=\"\" class=\"alignnone size-full wp-image-1644\" scale=\"0\" width=\"150\" height=\"84\" \/><img loading=\"lazy\" decoding=\"async\" src=\"https:\/\/colophon-grignan.fr\/wp-content\/uploads\/2018\/10\/La-Dr\u00f4me.png\" alt=\"\" class=\"wp-image-1643 alignnone\" scale=\"0\" width=\"158\" height=\"99\" srcset=\"https:\/\/colophon-grignan.fr\/wp-content\/uploads\/2018\/10\/La-Dr\u00f4me.png 778w, https:\/\/colophon-grignan.fr\/wp-content\/uploads\/2018\/10\/La-Dr\u00f4me-600x376.png 600w, https:\/\/colophon-grignan.fr\/wp-content\/uploads\/2018\/10\/La-Dr\u00f4me-300x188.png 300w, https:\/\/colophon-grignan.fr\/wp-content\/uploads\/2018\/10\/La-Dr\u00f4me-768x482.png 768w\" sizes=\"auto, (max-width: 158px) 100vw, 158px\" \/><img loading=\"lazy\" decoding=\"async\" src=\"https:\/\/colophon-grignan.fr\/wp-content\/uploads\/2018\/10\/DRAC.jpg\" alt=\"\" class=\"alignnone  wp-image-1642\" scale=\"0\" width=\"76\" height=\"99\" \/><\/p>\n<p><\/p>\n<ul>\n<li><a href=\"https:\/\/colophon-grignan.fr\/index.php\/rencontres-litteraires\/\">Les Rencontres litt\u00e9raires de l&rsquo;ann\u00e9e<\/a><\/li>\n<\/ul>\n\n\n\n\n<p><\/p>\n","protected":false},"excerpt":{"rendered":"<p>RENCONTRES DU IIe TITRE,Le deuxi\u00e8me roman, une entr\u00e9e en litt\u00e9rature FESTIVAL DU DEUXIEME ROMAN GRIGNAN 2003 : CR\u00c9ATION2009 : CR\u00c9ATION DU PRIX RENCONTRES DU IIe TITREJuillet 2017 : CREATION DU FESTIVAL DU DEUXIEME ROMAN GRIGNAN Rencontres samedi 18 et dimanche 19 mai 201917e \u00e9ditionLe comit\u00e9 de lecture a lu 30 [&hellip;]<\/p>\n","protected":false},"author":6,"featured_media":0,"parent":0,"menu_order":0,"comment_status":"closed","ping_status":"closed","template":"","meta":{"footnotes":""},"class_list":["post-1719","page","type-page","status-publish","hentry"],"yoast_head":"<!-- This site is optimized with the Yoast SEO plugin v27.3 - https:\/\/yoast.com\/product\/yoast-seo-wordpress\/ -->\n<title>Festival \u00e0 Grignan du 2e roman - Colophon, Maison de l&#039;Imprimeur<\/title>\n<meta name=\"description\" content=\"Un festival de litt\u00e9rature, avec 4 auteurs de deuxi\u00e8me roman \u00e0 Grignan, village de la Correspondance. Rencontres, tables rondes, d\u00e9dicaces, remise de prix.\" \/>\n<meta name=\"robots\" content=\"index, follow, max-snippet:-1, max-image-preview:large, max-video-preview:-1\" \/>\n<link rel=\"canonical\" href=\"https:\/\/colophon-grignan.fr\/index.php\/festival-2e-roman-grignan\/\" \/>\n<meta property=\"og:locale\" content=\"fr_FR\" \/>\n<meta property=\"og:type\" content=\"article\" \/>\n<meta property=\"og:title\" content=\"Festival du 2e roman \u00e0 Grignan\" \/>\n<meta property=\"og:description\" content=\"Un festival de litt\u00e9rature avec 4 auteurs de deuxi\u00e8me roman : rencontres, d\u00e9dicaces, tables rondes, lectures...\" \/>\n<meta property=\"og:url\" content=\"https:\/\/colophon-grignan.fr\/index.php\/festival-2e-roman-grignan\/\" \/>\n<meta property=\"og:site_name\" content=\"Colophon, Maison de l&#039;Imprimeur\" \/>\n<meta property=\"article:publisher\" content=\"https:\/\/www.facebook.com\/colophongrignan\" \/>\n<meta property=\"article:modified_time\" content=\"2019-11-04T15:31:16+00:00\" \/>\n<meta property=\"og:image\" content=\"https:\/\/i0.wp.com\/colophon-grignan.fr\/wp-content\/uploads\/2019\/04\/Festival-deuxieme-roman-grignan.jpg?fit=1024%2C768&ssl=1\" \/>\n\t<meta property=\"og:image:width\" content=\"1024\" \/>\n\t<meta property=\"og:image:height\" content=\"768\" \/>\n\t<meta property=\"og:image:type\" content=\"image\/jpeg\" \/>\n<meta name=\"twitter:card\" content=\"summary_large_image\" \/>\n<meta name=\"twitter:label1\" content=\"Dur\u00e9e de lecture estim\u00e9e\" \/>\n\t<meta name=\"twitter:data1\" content=\"1 minute\" \/>\n<script type=\"application\/ld+json\" class=\"yoast-schema-graph\">{\"@context\":\"https:\\\/\\\/schema.org\",\"@graph\":[{\"@type\":\"WebPage\",\"@id\":\"https:\\\/\\\/colophon-grignan.fr\\\/index.php\\\/festival-2e-roman-grignan\\\/\",\"url\":\"https:\\\/\\\/colophon-grignan.fr\\\/index.php\\\/festival-2e-roman-grignan\\\/\",\"name\":\"Festival \u00e0 Grignan du 2e roman - Colophon, Maison de l&#039;Imprimeur\",\"isPartOf\":{\"@id\":\"https:\\\/\\\/colophon-grignan.fr\\\/#website\"},\"primaryImageOfPage\":{\"@id\":\"https:\\\/\\\/colophon-grignan.fr\\\/index.php\\\/festival-2e-roman-grignan\\\/#primaryimage\"},\"image\":{\"@id\":\"https:\\\/\\\/colophon-grignan.fr\\\/index.php\\\/festival-2e-roman-grignan\\\/#primaryimage\"},\"thumbnailUrl\":\"https:\\\/\\\/colophon-grignan.fr\\\/wp-content\\\/uploads\\\/2019\\\/04\\\/Visuel-2e-roman.jpg\",\"datePublished\":\"2018-10-27T13:45:39+00:00\",\"dateModified\":\"2019-11-04T15:31:16+00:00\",\"description\":\"Un festival de litt\u00e9rature, avec 4 auteurs de deuxi\u00e8me roman \u00e0 Grignan, village de la Correspondance. Rencontres, tables rondes, d\u00e9dicaces, remise de prix.\",\"breadcrumb\":{\"@id\":\"https:\\\/\\\/colophon-grignan.fr\\\/index.php\\\/festival-2e-roman-grignan\\\/#breadcrumb\"},\"inLanguage\":\"fr-FR\",\"potentialAction\":[{\"@type\":\"ReadAction\",\"target\":[\"https:\\\/\\\/colophon-grignan.fr\\\/index.php\\\/festival-2e-roman-grignan\\\/\"]}]},{\"@type\":\"ImageObject\",\"inLanguage\":\"fr-FR\",\"@id\":\"https:\\\/\\\/colophon-grignan.fr\\\/index.php\\\/festival-2e-roman-grignan\\\/#primaryimage\",\"url\":\"https:\\\/\\\/colophon-grignan.fr\\\/wp-content\\\/uploads\\\/2019\\\/04\\\/Visuel-2e-roman.jpg\",\"contentUrl\":\"https:\\\/\\\/colophon-grignan.fr\\\/wp-content\\\/uploads\\\/2019\\\/04\\\/Visuel-2e-roman.jpg\",\"width\":1009,\"height\":1024},{\"@type\":\"BreadcrumbList\",\"@id\":\"https:\\\/\\\/colophon-grignan.fr\\\/index.php\\\/festival-2e-roman-grignan\\\/#breadcrumb\",\"itemListElement\":[{\"@type\":\"ListItem\",\"position\":1,\"name\":\"Accueil\",\"item\":\"https:\\\/\\\/colophon-grignan.fr\\\/\"},{\"@type\":\"ListItem\",\"position\":2,\"name\":\"Festival du 2e roman 2019, Grignan\"}]},{\"@type\":\"WebSite\",\"@id\":\"https:\\\/\\\/colophon-grignan.fr\\\/#website\",\"url\":\"https:\\\/\\\/colophon-grignan.fr\\\/\",\"name\":\"Colophon - Maison de l&#039;Imprimeur\",\"description\":\"Atelier-Mus\u00e9e &amp; Librairie\",\"publisher\":{\"@id\":\"https:\\\/\\\/colophon-grignan.fr\\\/#organization\"},\"potentialAction\":[{\"@type\":\"SearchAction\",\"target\":{\"@type\":\"EntryPoint\",\"urlTemplate\":\"https:\\\/\\\/colophon-grignan.fr\\\/?s={search_term_string}\"},\"query-input\":{\"@type\":\"PropertyValueSpecification\",\"valueRequired\":true,\"valueName\":\"search_term_string\"}}],\"inLanguage\":\"fr-FR\"},{\"@type\":\"Organization\",\"@id\":\"https:\\\/\\\/colophon-grignan.fr\\\/#organization\",\"name\":\"Colophon - Maison de l'Imprimeur\",\"url\":\"https:\\\/\\\/colophon-grignan.fr\\\/\",\"logo\":{\"@type\":\"ImageObject\",\"inLanguage\":\"fr-FR\",\"@id\":\"https:\\\/\\\/colophon-grignan.fr\\\/#\\\/schema\\\/logo\\\/image\\\/\",\"url\":\"https:\\\/\\\/i0.wp.com\\\/colophon-grignan.fr\\\/wp-content\\\/uploads\\\/2016\\\/12\\\/GRAND-CHAT.gif?fit=474%2C618&ssl=1\",\"contentUrl\":\"https:\\\/\\\/i0.wp.com\\\/colophon-grignan.fr\\\/wp-content\\\/uploads\\\/2016\\\/12\\\/GRAND-CHAT.gif?fit=474%2C618&ssl=1\",\"width\":474,\"height\":618,\"caption\":\"Colophon - Maison de l'Imprimeur\"},\"image\":{\"@id\":\"https:\\\/\\\/colophon-grignan.fr\\\/#\\\/schema\\\/logo\\\/image\\\/\"},\"sameAs\":[\"https:\\\/\\\/www.facebook.com\\\/colophongrignan\",\"https:\\\/\\\/www.pinterest.fr\\\/colophongrignan\\\/\",\"https:\\\/\\\/www.instagram.com\\\/colophon_grignan\\\/\"]}]}<\/script>\n<!-- \/ Yoast SEO plugin. -->","yoast_head_json":{"title":"Festival \u00e0 Grignan du 2e roman - Colophon, Maison de l&#039;Imprimeur","description":"Un festival de litt\u00e9rature, avec 4 auteurs de deuxi\u00e8me roman \u00e0 Grignan, village de la Correspondance. Rencontres, tables rondes, d\u00e9dicaces, remise de prix.","robots":{"index":"index","follow":"follow","max-snippet":"max-snippet:-1","max-image-preview":"max-image-preview:large","max-video-preview":"max-video-preview:-1"},"canonical":"https:\/\/colophon-grignan.fr\/index.php\/festival-2e-roman-grignan\/","og_locale":"fr_FR","og_type":"article","og_title":"Festival du 2e roman \u00e0 Grignan","og_description":"Un festival de litt\u00e9rature avec 4 auteurs de deuxi\u00e8me roman : rencontres, d\u00e9dicaces, tables rondes, lectures...","og_url":"https:\/\/colophon-grignan.fr\/index.php\/festival-2e-roman-grignan\/","og_site_name":"Colophon, Maison de l&#039;Imprimeur","article_publisher":"https:\/\/www.facebook.com\/colophongrignan","article_modified_time":"2019-11-04T15:31:16+00:00","og_image":[{"width":1024,"height":768,"url":"https:\/\/i0.wp.com\/colophon-grignan.fr\/wp-content\/uploads\/2019\/04\/Festival-deuxieme-roman-grignan.jpg?fit=1024%2C768&ssl=1","type":"image\/jpeg"}],"twitter_card":"summary_large_image","twitter_misc":{"Dur\u00e9e de lecture estim\u00e9e":"1 minute"},"schema":{"@context":"https:\/\/schema.org","@graph":[{"@type":"WebPage","@id":"https:\/\/colophon-grignan.fr\/index.php\/festival-2e-roman-grignan\/","url":"https:\/\/colophon-grignan.fr\/index.php\/festival-2e-roman-grignan\/","name":"Festival \u00e0 Grignan du 2e roman - Colophon, Maison de l&#039;Imprimeur","isPartOf":{"@id":"https:\/\/colophon-grignan.fr\/#website"},"primaryImageOfPage":{"@id":"https:\/\/colophon-grignan.fr\/index.php\/festival-2e-roman-grignan\/#primaryimage"},"image":{"@id":"https:\/\/colophon-grignan.fr\/index.php\/festival-2e-roman-grignan\/#primaryimage"},"thumbnailUrl":"https:\/\/colophon-grignan.fr\/wp-content\/uploads\/2019\/04\/Visuel-2e-roman.jpg","datePublished":"2018-10-27T13:45:39+00:00","dateModified":"2019-11-04T15:31:16+00:00","description":"Un festival de litt\u00e9rature, avec 4 auteurs de deuxi\u00e8me roman \u00e0 Grignan, village de la Correspondance. Rencontres, tables rondes, d\u00e9dicaces, remise de prix.","breadcrumb":{"@id":"https:\/\/colophon-grignan.fr\/index.php\/festival-2e-roman-grignan\/#breadcrumb"},"inLanguage":"fr-FR","potentialAction":[{"@type":"ReadAction","target":["https:\/\/colophon-grignan.fr\/index.php\/festival-2e-roman-grignan\/"]}]},{"@type":"ImageObject","inLanguage":"fr-FR","@id":"https:\/\/colophon-grignan.fr\/index.php\/festival-2e-roman-grignan\/#primaryimage","url":"https:\/\/colophon-grignan.fr\/wp-content\/uploads\/2019\/04\/Visuel-2e-roman.jpg","contentUrl":"https:\/\/colophon-grignan.fr\/wp-content\/uploads\/2019\/04\/Visuel-2e-roman.jpg","width":1009,"height":1024},{"@type":"BreadcrumbList","@id":"https:\/\/colophon-grignan.fr\/index.php\/festival-2e-roman-grignan\/#breadcrumb","itemListElement":[{"@type":"ListItem","position":1,"name":"Accueil","item":"https:\/\/colophon-grignan.fr\/"},{"@type":"ListItem","position":2,"name":"Festival du 2e roman 2019, Grignan"}]},{"@type":"WebSite","@id":"https:\/\/colophon-grignan.fr\/#website","url":"https:\/\/colophon-grignan.fr\/","name":"Colophon - Maison de l&#039;Imprimeur","description":"Atelier-Mus\u00e9e &amp; Librairie","publisher":{"@id":"https:\/\/colophon-grignan.fr\/#organization"},"potentialAction":[{"@type":"SearchAction","target":{"@type":"EntryPoint","urlTemplate":"https:\/\/colophon-grignan.fr\/?s={search_term_string}"},"query-input":{"@type":"PropertyValueSpecification","valueRequired":true,"valueName":"search_term_string"}}],"inLanguage":"fr-FR"},{"@type":"Organization","@id":"https:\/\/colophon-grignan.fr\/#organization","name":"Colophon - Maison de l'Imprimeur","url":"https:\/\/colophon-grignan.fr\/","logo":{"@type":"ImageObject","inLanguage":"fr-FR","@id":"https:\/\/colophon-grignan.fr\/#\/schema\/logo\/image\/","url":"https:\/\/i0.wp.com\/colophon-grignan.fr\/wp-content\/uploads\/2016\/12\/GRAND-CHAT.gif?fit=474%2C618&ssl=1","contentUrl":"https:\/\/i0.wp.com\/colophon-grignan.fr\/wp-content\/uploads\/2016\/12\/GRAND-CHAT.gif?fit=474%2C618&ssl=1","width":474,"height":618,"caption":"Colophon - Maison de l'Imprimeur"},"image":{"@id":"https:\/\/colophon-grignan.fr\/#\/schema\/logo\/image\/"},"sameAs":["https:\/\/www.facebook.com\/colophongrignan","https:\/\/www.pinterest.fr\/colophongrignan\/","https:\/\/www.instagram.com\/colophon_grignan\/"]}]}},"_links":{"self":[{"href":"https:\/\/colophon-grignan.fr\/index.php\/wp-json\/wp\/v2\/pages\/1719","targetHints":{"allow":["GET"]}}],"collection":[{"href":"https:\/\/colophon-grignan.fr\/index.php\/wp-json\/wp\/v2\/pages"}],"about":[{"href":"https:\/\/colophon-grignan.fr\/index.php\/wp-json\/wp\/v2\/types\/page"}],"author":[{"embeddable":true,"href":"https:\/\/colophon-grignan.fr\/index.php\/wp-json\/wp\/v2\/users\/6"}],"replies":[{"embeddable":true,"href":"https:\/\/colophon-grignan.fr\/index.php\/wp-json\/wp\/v2\/comments?post=1719"}],"version-history":[{"count":0,"href":"https:\/\/colophon-grignan.fr\/index.php\/wp-json\/wp\/v2\/pages\/1719\/revisions"}],"wp:attachment":[{"href":"https:\/\/colophon-grignan.fr\/index.php\/wp-json\/wp\/v2\/media?parent=1719"}],"curies":[{"name":"wp","href":"https:\/\/api.w.org\/{rel}","templated":true}]}}