{"id":29,"date":"2014-02-14T15:28:47","date_gmt":"2014-02-14T14:28:47","guid":{"rendered":"http:\/\/colophon-grignan.fr\/?page_id=29"},"modified":"2025-09-10T17:45:21","modified_gmt":"2025-09-10T15:45:21","slug":"musee-imprimerie-grignan-visite","status":"publish","type":"page","link":"https:\/\/colophon-grignan.fr\/index.php\/musee-imprimerie-grignan-visite\/","title":{"rendered":"Mus\u00e9e de l&rsquo;Imprimerie &#038; \u00c9criture"},"content":{"rendered":"\n<h6 class=\"wp-block-heading\"><strong>ENTR\u00c9E MUS\u00c9E : <\/strong><br><strong>Adulte : 6\u20ac ; 12-18 ans : 5\u20ac ; -12 ans : gratuit<\/strong><br>Toute l&rsquo;ann\u00e9e, le mus\u00e9e se visite librement aux horaires d&rsquo;ouverture.<\/h6>\n\n\n\n<p><a href=\"https:\/\/colophon-grignan.fr\/wp-content\/uploads\/2025\/09\/Formulaire-Groupe.pdf\">\u2022<strong> FORMULAIRE POUR LES VISITES GUID\u00c9ES (8 personnes min.)<\/strong><\/a><\/p>\n\n\n\n<p><strong>La visite du mus\u00e9e regroupe trois salles : les ateliers d&rsquo;imprimerie du 19e si\u00e8cle \u00e0 Grignan, l&rsquo;atelier en activit\u00e9 et les prisons transform\u00e9es en salles d&rsquo;expositions<\/strong><\/p>\n\n\n\n<h4 class=\"wp-block-heading\">Les ateliers d&rsquo;imprimerie du 19e si\u00e8cle \u00e0 Grignan <\/h4>\n\n\n\n<p><strong>En empruntant le grand escalier de pierre de la Maison du Bailli de Grignan<\/strong>, vous acc\u00e9dez \u00e0 la premi\u00e8re salle du mus\u00e9e, les <strong>ateliers 19e si\u00e8cle<\/strong>, dans un environnement sonore. Un peu plus loin, une pi\u00e8ce reconstitue un atelier de composition typographique.<\/p>\n\n\n\n<p>Vous y trouverez entre autres presses :<br><strong>la Stanhope \u00e0 bras de 1848<\/strong>,&nbsp; une presse Albion de 1864, une presse coup-de-poing, une p\u00e9dalette, une grande Cylindre voiron, <strong>une Linotype<\/strong> et une Typograph ainsi qu&rsquo;un Massicot de 1850.<\/p>\n\n\n\n<p>Dans l&rsquo;Atelier du typographe sont r\u00e9unis tous les \u00e9l\u00e9ments permettant composition et corrections<br>Meubles typographiques,<strong> Casses de typos plomb et bois<\/strong>, Coupoirs et une Presse \u00e0 \u00e9preuve<\/p>\n\n\n\n<figure class=\"wp-block-image\"><img loading=\"lazy\" decoding=\"async\" width=\"199\" height=\"300\" src=\"https:\/\/colophon-grignan.fr\/wp-content\/uploads\/2019\/04\/musee-grignan-imprimerie-199x300.jpg\" alt=\"Visite \u00e0 Grignan - Presse \u00e0 cylindre\" class=\"wp-image-3073\" srcset=\"https:\/\/colophon-grignan.fr\/wp-content\/uploads\/2019\/04\/musee-grignan-imprimerie-199x300.jpg 199w, https:\/\/colophon-grignan.fr\/wp-content\/uploads\/2019\/04\/musee-grignan-imprimerie-600x902.jpg 600w, https:\/\/colophon-grignan.fr\/wp-content\/uploads\/2019\/04\/musee-grignan-imprimerie-100x150.jpg 100w, https:\/\/colophon-grignan.fr\/wp-content\/uploads\/2019\/04\/musee-grignan-imprimerie-768x1155.jpg 768w, https:\/\/colophon-grignan.fr\/wp-content\/uploads\/2019\/04\/musee-grignan-imprimerie.jpg 681w\" sizes=\"auto, (max-width: 199px) 100vw, 199px\" \/><\/figure>\n\n\n\n<figure class=\"wp-block-image\"><img loading=\"lazy\" decoding=\"async\" width=\"200\" height=\"300\" src=\"https:\/\/colophon-grignan.fr\/wp-content\/uploads\/2019\/04\/musee-grignan-typographie-200x300.jpg\" alt=\"Visite \u00e0 Grignan - Rouleau encreur\" class=\"wp-image-3072\" srcset=\"https:\/\/colophon-grignan.fr\/wp-content\/uploads\/2019\/04\/musee-grignan-typographie-200x300.jpg 200w, https:\/\/colophon-grignan.fr\/wp-content\/uploads\/2019\/04\/musee-grignan-typographie-600x900.jpg 600w, https:\/\/colophon-grignan.fr\/wp-content\/uploads\/2019\/04\/musee-grignan-typographie-100x150.jpg 100w, https:\/\/colophon-grignan.fr\/wp-content\/uploads\/2019\/04\/musee-grignan-typographie-768x1152.jpg 768w, https:\/\/colophon-grignan.fr\/wp-content\/uploads\/2019\/04\/musee-grignan-typographie.jpg 683w\" sizes=\"auto, (max-width: 200px) 100vw, 200px\" \/><\/figure>\n\n\n\n<h5 class=\"wp-block-heading\">Les prisons<\/h5>\n\n\n\n<p><strong>La visite se poursuit avec les Cellules datant de la pr\u00e9sence du Bailli<\/strong> \u00e0 Grignan. Elles ont \u00e9t\u00e9 revisit\u00e9es pour abriter une collection de machines \u00e0 \u00e9crire condamn\u00e9es pour \u00ab\u00a0outrage au texte\u00a0\u00bb !<br>Dans la cellule en face, vous d\u00e9couvrez <strong>une salle consacr\u00e9e aux outils d&rsquo;\u00e9criture<\/strong> (plumes, encriers, \u00e9critoire&#8230;) ainsi qu&rsquo;un atelier de reliure.<\/p>\n\n\n\n<figure class=\"wp-block-image\"><img loading=\"lazy\" decoding=\"async\" width=\"300\" height=\"199\" src=\"https:\/\/colophon-grignan.fr\/wp-content\/uploads\/2019\/04\/musee-grignan-ecritoire-300x199.jpg\" alt=\"Ecritoire\" class=\"wp-image-3071\" srcset=\"https:\/\/colophon-grignan.fr\/wp-content\/uploads\/2019\/04\/musee-grignan-ecritoire-300x199.jpg 300w, https:\/\/colophon-grignan.fr\/wp-content\/uploads\/2019\/04\/musee-grignan-ecritoire-600x399.jpg 600w, https:\/\/colophon-grignan.fr\/wp-content\/uploads\/2019\/04\/musee-grignan-ecritoire-150x100.jpg 150w, https:\/\/colophon-grignan.fr\/wp-content\/uploads\/2019\/04\/musee-grignan-ecritoire-768x511.jpg 768w, https:\/\/colophon-grignan.fr\/wp-content\/uploads\/2019\/04\/musee-grignan-ecritoire.jpg 1024w, https:\/\/colophon-grignan.fr\/wp-content\/uploads\/2019\/04\/musee-grignan-ecritoire-360x240.jpg 360w\" sizes=\"auto, (max-width: 300px) 100vw, 300px\" \/><\/figure>\n\n\n\n<figure class=\"wp-block-image\"><img loading=\"lazy\" decoding=\"async\" width=\"300\" height=\"199\" src=\"https:\/\/colophon-grignan.fr\/wp-content\/uploads\/2019\/04\/musee-grignan-encrier-300x199.jpg\" alt=\"Encrier\" class=\"wp-image-3066\" srcset=\"https:\/\/colophon-grignan.fr\/wp-content\/uploads\/2019\/04\/musee-grignan-encrier-300x199.jpg 300w, https:\/\/colophon-grignan.fr\/wp-content\/uploads\/2019\/04\/musee-grignan-encrier-600x399.jpg 600w, https:\/\/colophon-grignan.fr\/wp-content\/uploads\/2019\/04\/musee-grignan-encrier-150x100.jpg 150w, https:\/\/colophon-grignan.fr\/wp-content\/uploads\/2019\/04\/musee-grignan-encrier-768x511.jpg 768w, https:\/\/colophon-grignan.fr\/wp-content\/uploads\/2019\/04\/musee-grignan-encrier.jpg 1024w, https:\/\/colophon-grignan.fr\/wp-content\/uploads\/2019\/04\/musee-grignan-encrier-360x240.jpg 360w\" sizes=\"auto, (max-width: 300px) 100vw, 300px\" \/><\/figure>\n\n\n\n<h5 class=\"wp-block-heading\">Atelier typographique<\/h5>\n\n\n\n<p>Au rez-de-chauss\u00e9e, vous rentrez dans<strong> l&rsquo;atelier du typographe en pleine production<\/strong>. Encre, papier, plomb et machines sont au rendez-vous ! <strong>Les typographes r\u00e9pondront \u00e0 vos questions<\/strong>&#8230;<\/p>\n\n\n\n<p>En activit\u00e9 120 casses de matrices, linotype, platine, cylindre, massicot, etc&#8230;<br><strong>Chaque \u00e9t\u00e9 une exposition accompagne la visite du mus\u00e9e<\/strong><\/p>\n\n\n\n<figure class=\"wp-block-image\"><img loading=\"lazy\" decoding=\"async\" width=\"300\" height=\"200\" src=\"https:\/\/colophon-grignan.fr\/wp-content\/uploads\/2019\/04\/musee-grignan-caracteres-300x200.jpg\" alt=\"Fondeuse\" class=\"wp-image-3069\" srcset=\"https:\/\/colophon-grignan.fr\/wp-content\/uploads\/2019\/04\/musee-grignan-caracteres-300x200.jpg 300w, https:\/\/colophon-grignan.fr\/wp-content\/uploads\/2019\/04\/musee-grignan-caracteres-600x399.jpg 600w, https:\/\/colophon-grignan.fr\/wp-content\/uploads\/2019\/04\/musee-grignan-caracteres-150x100.jpg 150w, https:\/\/colophon-grignan.fr\/wp-content\/uploads\/2019\/04\/musee-grignan-caracteres-768x511.jpg 768w, https:\/\/colophon-grignan.fr\/wp-content\/uploads\/2019\/04\/musee-grignan-caracteres.jpg 1024w, https:\/\/colophon-grignan.fr\/wp-content\/uploads\/2019\/04\/musee-grignan-caracteres-360x240.jpg 360w\" sizes=\"auto, (max-width: 300px) 100vw, 300px\" \/><\/figure>\n\n\n\n<figure class=\"wp-block-image\"><img loading=\"lazy\" decoding=\"async\" width=\"300\" height=\"200\" src=\"https:\/\/colophon-grignan.fr\/wp-content\/uploads\/2019\/04\/musee-grignan-letterpress-300x200.jpg\" alt=\"Presse \u00e0 \u00e9preuve\" class=\"wp-image-3070\" srcset=\"https:\/\/colophon-grignan.fr\/wp-content\/uploads\/2019\/04\/musee-grignan-letterpress-300x200.jpg 300w, https:\/\/colophon-grignan.fr\/wp-content\/uploads\/2019\/04\/musee-grignan-letterpress-600x399.jpg 600w, https:\/\/colophon-grignan.fr\/wp-content\/uploads\/2019\/04\/musee-grignan-letterpress-150x100.jpg 150w, https:\/\/colophon-grignan.fr\/wp-content\/uploads\/2019\/04\/musee-grignan-letterpress-768x511.jpg 768w, https:\/\/colophon-grignan.fr\/wp-content\/uploads\/2019\/04\/musee-grignan-letterpress.jpg 1024w, https:\/\/colophon-grignan.fr\/wp-content\/uploads\/2019\/04\/musee-grignan-letterpress-360x240.jpg 360w\" sizes=\"auto, (max-width: 300px) 100vw, 300px\" \/><\/figure>\n\n\n\n<ul class=\"wp-block-list\">\n<li><a href=\"https:\/\/www.larousse.fr\/dictionnaires\/francais\/colophon\/17304\">D\u00e9finition de Colophon<\/a><\/li>\n<\/ul>\n\n\n<p><script><span style=\"display: inline-block; width: 0px; overflow: hidden; line-height: 0;\" data-mce-type=\"bookmark\" class=\"mce_SELRES_start\">\ufeff<\/span><span style=\"display: inline-block; width: 0px; overflow: hidden; line-height: 0;\" data-mce-type=\"bookmark\" class=\"mce_SELRES_start\">\ufeff<\/span><br \/>\n  (function(i,s,o,g,r,a,m){i['GoogleAnalyticsObject']=r;i[r]=i[r]||function(){<br \/>\n  (i[r].q=i[r].q||[]).push(arguments)},i[r].l=1*new Date();a=s.createElement(o),<br \/>\n  m=s.getElementsByTagName(o)[0];a.async=1;a.src=g;m.parentNode.insertBefore(a,m)<br \/>\n  })(window,document,'script','https:\/\/www.google-analytics.com\/analytics.js','ga');<\/p>\n<p>  ga('create', 'UA-16502080-2', 'auto');<br \/>\n  ga('send', 'pageview');<\/p>\n<p><\/script><\/p>\n<\/p>","protected":false},"excerpt":{"rendered":"<p>ENTR\u00c9E MUS\u00c9E : Adulte : 6\u20ac ; 12-18 ans : 5\u20ac ; -12 ans : gratuitToute l&rsquo;ann\u00e9e, le mus\u00e9e se visite librement aux horaires d&rsquo;ouverture. \u2022 FORMULAIRE POUR LES VISITES GUID\u00c9ES (8 personnes min.) La visite du mus\u00e9e regroupe trois salles : les ateliers d&rsquo;imprimerie du 19e si\u00e8cle \u00e0 Grignan, [&hellip;]<\/p>\n","protected":false},"author":6,"featured_media":0,"parent":0,"menu_order":0,"comment_status":"closed","ping_status":"closed","template":"","meta":{"footnotes":""},"class_list":["post-29","page","type-page","status-publish","hentry"],"yoast_head":"<!-- This site is optimized with the Yoast SEO plugin v27.0 - https:\/\/yoast.com\/product\/yoast-seo-wordpress\/ -->\n<title>Visite \u00e0 Grignan du Mus\u00e9e de l&#039;Imprimerie &amp; \u00c9criture - Colophon<\/title>\n<meta name=\"description\" content=\"Visite \u00e0 Grignan, village de la correspondance et son Ch\u00e2teau, du mus\u00e9e des typographes. Collections d&#039;encriers, \u00e9critoires, presses, atelier en activit\u00e9.\" \/>\n<meta name=\"robots\" content=\"index, follow, max-snippet:-1, max-image-preview:large, max-video-preview:-1\" \/>\n<link rel=\"canonical\" href=\"https:\/\/colophon-grignan.fr\/index.php\/musee-imprimerie-grignan-visite\/\" \/>\n<meta property=\"og:locale\" content=\"fr_FR\" \/>\n<meta property=\"og:type\" content=\"article\" \/>\n<meta property=\"og:title\" content=\"Mus\u00e9e de l&#039;Imprimerie et de l&#039;\u00e9criture \u00e0 Grignan\" \/>\n<meta property=\"og:description\" content=\"Le mus\u00e9e comporte une collection de presse, d&#039;encriers, d&#039;\u00e9critoires et la visite des ateliers pour \u00e9changer avec le typographe. Il se visite toute l&#039;ann\u00e9e.\" \/>\n<meta property=\"og:url\" content=\"https:\/\/colophon-grignan.fr\/index.php\/musee-imprimerie-grignan-visite\/\" \/>\n<meta property=\"og:site_name\" content=\"Colophon, Maison de l&#039;Imprimeur\" \/>\n<meta property=\"article:publisher\" content=\"https:\/\/www.facebook.com\/colophongrignan\" \/>\n<meta property=\"article:modified_time\" content=\"2025-09-10T15:45:21+00:00\" \/>\n<meta property=\"og:image\" content=\"https:\/\/colophon-grignan.fr\/wp-content\/uploads\/2019\/04\/musee-grignan-imprimerie.jpg\" \/>\n\t<meta property=\"og:image:width\" content=\"681\" \/>\n\t<meta property=\"og:image:height\" content=\"1024\" \/>\n\t<meta property=\"og:image:type\" content=\"image\/jpeg\" \/>\n<meta name=\"twitter:card\" content=\"summary_large_image\" \/>\n<meta name=\"twitter:label1\" content=\"Dur\u00e9e de lecture estim\u00e9e\" \/>\n\t<meta name=\"twitter:data1\" content=\"3 minutes\" \/>\n<script type=\"application\/ld+json\" class=\"yoast-schema-graph\">{\"@context\":\"https:\/\/schema.org\",\"@graph\":[{\"@type\":\"WebPage\",\"@id\":\"https:\/\/colophon-grignan.fr\/index.php\/musee-imprimerie-grignan-visite\/\",\"url\":\"https:\/\/colophon-grignan.fr\/index.php\/musee-imprimerie-grignan-visite\/\",\"name\":\"Visite \u00e0 Grignan du Mus\u00e9e de l'Imprimerie & \u00c9criture - Colophon\",\"isPartOf\":{\"@id\":\"https:\/\/colophon-grignan.fr\/#website\"},\"primaryImageOfPage\":{\"@id\":\"https:\/\/colophon-grignan.fr\/index.php\/musee-imprimerie-grignan-visite\/#primaryimage\"},\"image\":{\"@id\":\"https:\/\/colophon-grignan.fr\/index.php\/musee-imprimerie-grignan-visite\/#primaryimage\"},\"thumbnailUrl\":\"https:\/\/colophon-grignan.fr\/wp-content\/uploads\/2019\/04\/musee-grignan-imprimerie-199x300.jpg\",\"datePublished\":\"2014-02-14T14:28:47+00:00\",\"dateModified\":\"2025-09-10T15:45:21+00:00\",\"description\":\"Visite \u00e0 Grignan, village de la correspondance et son Ch\u00e2teau, du mus\u00e9e des typographes. Collections d'encriers, \u00e9critoires, presses, atelier en activit\u00e9.\",\"breadcrumb\":{\"@id\":\"https:\/\/colophon-grignan.fr\/index.php\/musee-imprimerie-grignan-visite\/#breadcrumb\"},\"inLanguage\":\"fr-FR\",\"potentialAction\":[{\"@type\":\"ReadAction\",\"target\":[\"https:\/\/colophon-grignan.fr\/index.php\/musee-imprimerie-grignan-visite\/\"]}]},{\"@type\":\"ImageObject\",\"inLanguage\":\"fr-FR\",\"@id\":\"https:\/\/colophon-grignan.fr\/index.php\/musee-imprimerie-grignan-visite\/#primaryimage\",\"url\":\"https:\/\/colophon-grignan.fr\/wp-content\/uploads\/2019\/04\/musee-grignan-imprimerie.jpg\",\"contentUrl\":\"https:\/\/colophon-grignan.fr\/wp-content\/uploads\/2019\/04\/musee-grignan-imprimerie.jpg\",\"width\":681,\"height\":1024,\"caption\":\"Visite \u00e0 Grignan - Presse \u00e0 cylindre\"},{\"@type\":\"BreadcrumbList\",\"@id\":\"https:\/\/colophon-grignan.fr\/index.php\/musee-imprimerie-grignan-visite\/#breadcrumb\",\"itemListElement\":[{\"@type\":\"ListItem\",\"position\":1,\"name\":\"Accueil\",\"item\":\"https:\/\/colophon-grignan.fr\/\"},{\"@type\":\"ListItem\",\"position\":2,\"name\":\"Mus\u00e9e de l&rsquo;Imprimerie &#038; \u00c9criture\"}]},{\"@type\":\"WebSite\",\"@id\":\"https:\/\/colophon-grignan.fr\/#website\",\"url\":\"https:\/\/colophon-grignan.fr\/\",\"name\":\"Colophon - Maison de l&#039;Imprimeur\",\"description\":\"Atelier-Mus\u00e9e &amp; Librairie\",\"publisher\":{\"@id\":\"https:\/\/colophon-grignan.fr\/#organization\"},\"potentialAction\":[{\"@type\":\"SearchAction\",\"target\":{\"@type\":\"EntryPoint\",\"urlTemplate\":\"https:\/\/colophon-grignan.fr\/?s={search_term_string}\"},\"query-input\":{\"@type\":\"PropertyValueSpecification\",\"valueRequired\":true,\"valueName\":\"search_term_string\"}}],\"inLanguage\":\"fr-FR\"},{\"@type\":\"Organization\",\"@id\":\"https:\/\/colophon-grignan.fr\/#organization\",\"name\":\"Colophon - Maison de l'Imprimeur\",\"url\":\"https:\/\/colophon-grignan.fr\/\",\"logo\":{\"@type\":\"ImageObject\",\"inLanguage\":\"fr-FR\",\"@id\":\"https:\/\/colophon-grignan.fr\/#\/schema\/logo\/image\/\",\"url\":\"https:\/\/i0.wp.com\/colophon-grignan.fr\/wp-content\/uploads\/2016\/12\/GRAND-CHAT.gif?fit=474%2C618&ssl=1\",\"contentUrl\":\"https:\/\/i0.wp.com\/colophon-grignan.fr\/wp-content\/uploads\/2016\/12\/GRAND-CHAT.gif?fit=474%2C618&ssl=1\",\"width\":474,\"height\":618,\"caption\":\"Colophon - Maison de l'Imprimeur\"},\"image\":{\"@id\":\"https:\/\/colophon-grignan.fr\/#\/schema\/logo\/image\/\"},\"sameAs\":[\"https:\/\/www.facebook.com\/colophongrignan\",\"https:\/\/www.pinterest.fr\/colophongrignan\/\",\"https:\/\/www.instagram.com\/colophon_grignan\/\"]}]}<\/script>\n<!-- \/ Yoast SEO plugin. -->","yoast_head_json":{"title":"Visite \u00e0 Grignan du Mus\u00e9e de l'Imprimerie & \u00c9criture - Colophon","description":"Visite \u00e0 Grignan, village de la correspondance et son Ch\u00e2teau, du mus\u00e9e des typographes. Collections d'encriers, \u00e9critoires, presses, atelier en activit\u00e9.","robots":{"index":"index","follow":"follow","max-snippet":"max-snippet:-1","max-image-preview":"max-image-preview:large","max-video-preview":"max-video-preview:-1"},"canonical":"https:\/\/colophon-grignan.fr\/index.php\/musee-imprimerie-grignan-visite\/","og_locale":"fr_FR","og_type":"article","og_title":"Mus\u00e9e de l'Imprimerie et de l'\u00e9criture \u00e0 Grignan","og_description":"Le mus\u00e9e comporte une collection de presse, d'encriers, d'\u00e9critoires et la visite des ateliers pour \u00e9changer avec le typographe. Il se visite toute l'ann\u00e9e.","og_url":"https:\/\/colophon-grignan.fr\/index.php\/musee-imprimerie-grignan-visite\/","og_site_name":"Colophon, Maison de l&#039;Imprimeur","article_publisher":"https:\/\/www.facebook.com\/colophongrignan","article_modified_time":"2025-09-10T15:45:21+00:00","og_image":[{"width":681,"height":1024,"url":"https:\/\/colophon-grignan.fr\/wp-content\/uploads\/2019\/04\/musee-grignan-imprimerie.jpg","type":"image\/jpeg"}],"twitter_card":"summary_large_image","twitter_misc":{"Dur\u00e9e de lecture estim\u00e9e":"3 minutes"},"schema":{"@context":"https:\/\/schema.org","@graph":[{"@type":"WebPage","@id":"https:\/\/colophon-grignan.fr\/index.php\/musee-imprimerie-grignan-visite\/","url":"https:\/\/colophon-grignan.fr\/index.php\/musee-imprimerie-grignan-visite\/","name":"Visite \u00e0 Grignan du Mus\u00e9e de l'Imprimerie & \u00c9criture - Colophon","isPartOf":{"@id":"https:\/\/colophon-grignan.fr\/#website"},"primaryImageOfPage":{"@id":"https:\/\/colophon-grignan.fr\/index.php\/musee-imprimerie-grignan-visite\/#primaryimage"},"image":{"@id":"https:\/\/colophon-grignan.fr\/index.php\/musee-imprimerie-grignan-visite\/#primaryimage"},"thumbnailUrl":"https:\/\/colophon-grignan.fr\/wp-content\/uploads\/2019\/04\/musee-grignan-imprimerie-199x300.jpg","datePublished":"2014-02-14T14:28:47+00:00","dateModified":"2025-09-10T15:45:21+00:00","description":"Visite \u00e0 Grignan, village de la correspondance et son Ch\u00e2teau, du mus\u00e9e des typographes. Collections d'encriers, \u00e9critoires, presses, atelier en activit\u00e9.","breadcrumb":{"@id":"https:\/\/colophon-grignan.fr\/index.php\/musee-imprimerie-grignan-visite\/#breadcrumb"},"inLanguage":"fr-FR","potentialAction":[{"@type":"ReadAction","target":["https:\/\/colophon-grignan.fr\/index.php\/musee-imprimerie-grignan-visite\/"]}]},{"@type":"ImageObject","inLanguage":"fr-FR","@id":"https:\/\/colophon-grignan.fr\/index.php\/musee-imprimerie-grignan-visite\/#primaryimage","url":"https:\/\/colophon-grignan.fr\/wp-content\/uploads\/2019\/04\/musee-grignan-imprimerie.jpg","contentUrl":"https:\/\/colophon-grignan.fr\/wp-content\/uploads\/2019\/04\/musee-grignan-imprimerie.jpg","width":681,"height":1024,"caption":"Visite \u00e0 Grignan - Presse \u00e0 cylindre"},{"@type":"BreadcrumbList","@id":"https:\/\/colophon-grignan.fr\/index.php\/musee-imprimerie-grignan-visite\/#breadcrumb","itemListElement":[{"@type":"ListItem","position":1,"name":"Accueil","item":"https:\/\/colophon-grignan.fr\/"},{"@type":"ListItem","position":2,"name":"Mus\u00e9e de l&rsquo;Imprimerie &#038; \u00c9criture"}]},{"@type":"WebSite","@id":"https:\/\/colophon-grignan.fr\/#website","url":"https:\/\/colophon-grignan.fr\/","name":"Colophon - Maison de l&#039;Imprimeur","description":"Atelier-Mus\u00e9e &amp; Librairie","publisher":{"@id":"https:\/\/colophon-grignan.fr\/#organization"},"potentialAction":[{"@type":"SearchAction","target":{"@type":"EntryPoint","urlTemplate":"https:\/\/colophon-grignan.fr\/?s={search_term_string}"},"query-input":{"@type":"PropertyValueSpecification","valueRequired":true,"valueName":"search_term_string"}}],"inLanguage":"fr-FR"},{"@type":"Organization","@id":"https:\/\/colophon-grignan.fr\/#organization","name":"Colophon - Maison de l'Imprimeur","url":"https:\/\/colophon-grignan.fr\/","logo":{"@type":"ImageObject","inLanguage":"fr-FR","@id":"https:\/\/colophon-grignan.fr\/#\/schema\/logo\/image\/","url":"https:\/\/i0.wp.com\/colophon-grignan.fr\/wp-content\/uploads\/2016\/12\/GRAND-CHAT.gif?fit=474%2C618&ssl=1","contentUrl":"https:\/\/i0.wp.com\/colophon-grignan.fr\/wp-content\/uploads\/2016\/12\/GRAND-CHAT.gif?fit=474%2C618&ssl=1","width":474,"height":618,"caption":"Colophon - Maison de l'Imprimeur"},"image":{"@id":"https:\/\/colophon-grignan.fr\/#\/schema\/logo\/image\/"},"sameAs":["https:\/\/www.facebook.com\/colophongrignan","https:\/\/www.pinterest.fr\/colophongrignan\/","https:\/\/www.instagram.com\/colophon_grignan\/"]}]}},"_links":{"self":[{"href":"https:\/\/colophon-grignan.fr\/index.php\/wp-json\/wp\/v2\/pages\/29","targetHints":{"allow":["GET"]}}],"collection":[{"href":"https:\/\/colophon-grignan.fr\/index.php\/wp-json\/wp\/v2\/pages"}],"about":[{"href":"https:\/\/colophon-grignan.fr\/index.php\/wp-json\/wp\/v2\/types\/page"}],"author":[{"embeddable":true,"href":"https:\/\/colophon-grignan.fr\/index.php\/wp-json\/wp\/v2\/users\/6"}],"replies":[{"embeddable":true,"href":"https:\/\/colophon-grignan.fr\/index.php\/wp-json\/wp\/v2\/comments?post=29"}],"version-history":[{"count":4,"href":"https:\/\/colophon-grignan.fr\/index.php\/wp-json\/wp\/v2\/pages\/29\/revisions"}],"predecessor-version":[{"id":6411,"href":"https:\/\/colophon-grignan.fr\/index.php\/wp-json\/wp\/v2\/pages\/29\/revisions\/6411"}],"wp:attachment":[{"href":"https:\/\/colophon-grignan.fr\/index.php\/wp-json\/wp\/v2\/media?parent=29"}],"curies":[{"name":"wp","href":"https:\/\/api.w.org\/{rel}","templated":true}]}}