{"id":827,"date":"2016-06-29T15:07:19","date_gmt":"2016-06-29T14:07:19","guid":{"rendered":"http:\/\/colophon-grignan.fr\/?page_id=827"},"modified":"2020-08-09T17:23:20","modified_gmt":"2020-08-09T15:23:20","slug":"sejour-pedagogique-livre","status":"publish","type":"page","link":"https:\/\/colophon-grignan.fr\/index.php\/sejour-pedagogique-livre\/","title":{"rendered":"Mon s\u00e9jour p\u00e9dagogique au mus\u00e9e"},"content":{"rendered":"<p><script><span style=\"display: inline-block; width: 0px; overflow: hidden; line-height: 0;\" data-mce-type=\"bookmark\" class=\"mce_SELRES_start\">\ufeff<\/span><span style=\"display: inline-block; width: 0px; overflow: hidden; line-height: 0;\" data-mce-type=\"bookmark\" class=\"mce_SELRES_start\">\ufeff<\/span><br \/>\n  (function(i,s,o,g,r,a,m){i['GoogleAnalyticsObject']=r;i[r]=i[r]||function(){<br \/>\n  (i[r].q=i[r].q||[]).push(arguments)},i[r].l=1*new Date();a=s.createElement(o),<br \/>\n  m=s.getElementsByTagName(o)[0];a.async=1;a.src=g;m.parentNode.insertBefore(a,m)<br \/>\n  })(window,document,'script','https:\/\/www.google-analytics.com\/analytics.js','ga');<\/p>\n<p>  ga('create', 'UA-16502080-2', 'auto');<br \/>\n  ga('send', 'pageview');<\/p>\n<p><\/script><\/p>\n<p><strong>S\u00e9jour p\u00e9dagogique autour du livre pour un public scolaire ( \u00e9l\u00e9mentaire, coll\u00e8ge, lyc\u00e9e&#8230;)<\/strong><\/p>\n<h6><strong>\u2022 MON S\u00c9JOUR AU MUS\u00c9E<br \/>\n\u00e0 partir de 6 ans<br \/>\nNotions : cha\u00eene compl\u00e8te du livre, \u00e9criture et illustration, cr\u00e9ation manuelle et artistique.<br \/>\n<\/strong><em>Cr\u00e9er un livre complet en typographie et aborder tous les aspects du livre avec un groupe, c\u2019est possible !<\/em><br \/>\n2 \u00e0 5 jours pour r\u00e9aliser une cr\u00e9ation collective (textes et images) et l\u2019imprimer \u00e0 50 exemplaires.<br \/>\n<img loading=\"lazy\" decoding=\"async\" src=\"https:\/\/colophon-grignan.fr\/wp-content\/uploads\/2019\/04\/animation-scolaire-livre-15.jpg\" alt=\"\" class=\"alignnone  wp-image-3057\" scale=\"0\" width=\"342\" height=\"495\" srcset=\"https:\/\/colophon-grignan.fr\/wp-content\/uploads\/2019\/04\/animation-scolaire-livre-15.jpg 621w, https:\/\/colophon-grignan.fr\/wp-content\/uploads\/2019\/04\/animation-scolaire-livre-15-600x868.jpg 600w, https:\/\/colophon-grignan.fr\/wp-content\/uploads\/2019\/04\/animation-scolaire-livre-15-104x150.jpg 104w, https:\/\/colophon-grignan.fr\/wp-content\/uploads\/2019\/04\/animation-scolaire-livre-15-207x300.jpg 207w\" sizes=\"auto, (max-width: 342px) 100vw, 342px\" \/><\/h6>\n<h6>\u2022 <a href=\"mailto:colophon.grignan@orange.fr\">UN DEVIS, UNE QUESTION, UN RENSEIGNEMENT ?<\/a><\/h6>\n<h6>\u2022 VID\u00c9O D&rsquo;UN S\u00c9JOUR<\/h6>\n<p><iframe loading=\"lazy\" sandbox=\"allow-same-origin allow-scripts allow-popups\" src=\"https:\/\/video.antopie.org\/videos\/embed\/67423eef-cd36-40ec-a579-14c12b2abd10?warningTitle=0\" allowfullscreen=\"\" width=\"560\" height=\"315\" frameborder=\"0\"><\/iframe><\/p>\n<h6>\u2022<a href=\"https:\/\/colophon-grignan.fr\/index.php\/ateliers-animations-livre-scolaires\/\"> Nos autres ateliers<\/a><\/h6>\n","protected":false},"excerpt":{"rendered":"<p>S\u00e9jour p\u00e9dagogique autour du livre pour un public scolaire ( \u00e9l\u00e9mentaire, coll\u00e8ge, lyc\u00e9e&#8230;) \u2022 MON S\u00c9JOUR AU MUS\u00c9E \u00e0 partir de 6 ans Notions : cha\u00eene compl\u00e8te du livre, \u00e9criture et illustration, cr\u00e9ation manuelle et artistique. Cr\u00e9er un livre complet en typographie et aborder tous les aspects du livre avec [&hellip;]<\/p>\n","protected":false},"author":6,"featured_media":0,"parent":0,"menu_order":0,"comment_status":"closed","ping_status":"closed","template":"","meta":{"footnotes":""},"class_list":["post-827","page","type-page","status-publish","hentry"],"yoast_head":"<!-- This site is optimized with the Yoast SEO plugin v27.3 - https:\/\/yoast.com\/product\/yoast-seo-wordpress\/ -->\n<title>S\u00e9jour p\u00e9dagogique de cr\u00e9ation d&#039;un livre - Colophon<\/title>\n<meta name=\"description\" content=\"S\u00e9jour p\u00e9dagogique pour cr\u00e9er un livre en entier en typographie ! Le groupe compose les textes et grave les illustrations. Atelier p\u00e9dagogique de cr\u00e9ation\" \/>\n<meta name=\"robots\" content=\"index, follow, max-snippet:-1, max-image-preview:large, max-video-preview:-1\" \/>\n<link rel=\"canonical\" href=\"https:\/\/colophon-grignan.fr\/index.php\/sejour-pedagogique-livre\/\" \/>\n<meta property=\"og:locale\" content=\"fr_FR\" \/>\n<meta property=\"og:type\" content=\"article\" \/>\n<meta property=\"og:title\" content=\"S\u00e9jour p\u00e9dagogique de cr\u00e9ation d&#039;un livre - Colophon\" \/>\n<meta property=\"og:description\" content=\"S\u00e9jour p\u00e9dagogique pour cr\u00e9er un livre en entier en typographie ! Le groupe compose les textes et grave les illustrations. Atelier p\u00e9dagogique de cr\u00e9ation\" \/>\n<meta property=\"og:url\" content=\"https:\/\/colophon-grignan.fr\/index.php\/sejour-pedagogique-livre\/\" \/>\n<meta property=\"og:site_name\" content=\"Colophon, Maison de l&#039;Imprimeur\" \/>\n<meta property=\"article:publisher\" content=\"https:\/\/www.facebook.com\/colophongrignan\" \/>\n<meta property=\"article:modified_time\" content=\"2020-08-09T15:23:20+00:00\" \/>\n<meta property=\"og:image\" content=\"https:\/\/colophon-grignan.fr\/wp-content\/uploads\/2019\/04\/animation-scolaire-livre-15.jpg\" \/>\n<meta name=\"twitter:card\" content=\"summary_large_image\" \/>\n<script type=\"application\/ld+json\" class=\"yoast-schema-graph\">{\"@context\":\"https:\\\/\\\/schema.org\",\"@graph\":[{\"@type\":\"WebPage\",\"@id\":\"https:\\\/\\\/colophon-grignan.fr\\\/index.php\\\/sejour-pedagogique-livre\\\/\",\"url\":\"https:\\\/\\\/colophon-grignan.fr\\\/index.php\\\/sejour-pedagogique-livre\\\/\",\"name\":\"S\u00e9jour p\u00e9dagogique de cr\u00e9ation d'un livre - Colophon\",\"isPartOf\":{\"@id\":\"https:\\\/\\\/colophon-grignan.fr\\\/#website\"},\"primaryImageOfPage\":{\"@id\":\"https:\\\/\\\/colophon-grignan.fr\\\/index.php\\\/sejour-pedagogique-livre\\\/#primaryimage\"},\"image\":{\"@id\":\"https:\\\/\\\/colophon-grignan.fr\\\/index.php\\\/sejour-pedagogique-livre\\\/#primaryimage\"},\"thumbnailUrl\":\"https:\\\/\\\/colophon-grignan.fr\\\/wp-content\\\/uploads\\\/2019\\\/04\\\/animation-scolaire-livre-15.jpg\",\"datePublished\":\"2016-06-29T14:07:19+00:00\",\"dateModified\":\"2020-08-09T15:23:20+00:00\",\"description\":\"S\u00e9jour p\u00e9dagogique pour cr\u00e9er un livre en entier en typographie ! Le groupe compose les textes et grave les illustrations. Atelier p\u00e9dagogique de cr\u00e9ation\",\"breadcrumb\":{\"@id\":\"https:\\\/\\\/colophon-grignan.fr\\\/index.php\\\/sejour-pedagogique-livre\\\/#breadcrumb\"},\"inLanguage\":\"fr-FR\",\"potentialAction\":[{\"@type\":\"ReadAction\",\"target\":[\"https:\\\/\\\/colophon-grignan.fr\\\/index.php\\\/sejour-pedagogique-livre\\\/\"]}]},{\"@type\":\"ImageObject\",\"inLanguage\":\"fr-FR\",\"@id\":\"https:\\\/\\\/colophon-grignan.fr\\\/index.php\\\/sejour-pedagogique-livre\\\/#primaryimage\",\"url\":\"\",\"contentUrl\":\"\"},{\"@type\":\"BreadcrumbList\",\"@id\":\"https:\\\/\\\/colophon-grignan.fr\\\/index.php\\\/sejour-pedagogique-livre\\\/#breadcrumb\",\"itemListElement\":[{\"@type\":\"ListItem\",\"position\":1,\"name\":\"Accueil\",\"item\":\"https:\\\/\\\/colophon-grignan.fr\\\/\"},{\"@type\":\"ListItem\",\"position\":2,\"name\":\"Mon s\u00e9jour p\u00e9dagogique au mus\u00e9e\"}]},{\"@type\":\"WebSite\",\"@id\":\"https:\\\/\\\/colophon-grignan.fr\\\/#website\",\"url\":\"https:\\\/\\\/colophon-grignan.fr\\\/\",\"name\":\"Colophon - Maison de l&#039;Imprimeur\",\"description\":\"Atelier-Mus\u00e9e &amp; Librairie\",\"publisher\":{\"@id\":\"https:\\\/\\\/colophon-grignan.fr\\\/#organization\"},\"potentialAction\":[{\"@type\":\"SearchAction\",\"target\":{\"@type\":\"EntryPoint\",\"urlTemplate\":\"https:\\\/\\\/colophon-grignan.fr\\\/?s={search_term_string}\"},\"query-input\":{\"@type\":\"PropertyValueSpecification\",\"valueRequired\":true,\"valueName\":\"search_term_string\"}}],\"inLanguage\":\"fr-FR\"},{\"@type\":\"Organization\",\"@id\":\"https:\\\/\\\/colophon-grignan.fr\\\/#organization\",\"name\":\"Colophon - Maison de l'Imprimeur\",\"url\":\"https:\\\/\\\/colophon-grignan.fr\\\/\",\"logo\":{\"@type\":\"ImageObject\",\"inLanguage\":\"fr-FR\",\"@id\":\"https:\\\/\\\/colophon-grignan.fr\\\/#\\\/schema\\\/logo\\\/image\\\/\",\"url\":\"https:\\\/\\\/i0.wp.com\\\/colophon-grignan.fr\\\/wp-content\\\/uploads\\\/2016\\\/12\\\/GRAND-CHAT.gif?fit=474%2C618&ssl=1\",\"contentUrl\":\"https:\\\/\\\/i0.wp.com\\\/colophon-grignan.fr\\\/wp-content\\\/uploads\\\/2016\\\/12\\\/GRAND-CHAT.gif?fit=474%2C618&ssl=1\",\"width\":474,\"height\":618,\"caption\":\"Colophon - Maison de l'Imprimeur\"},\"image\":{\"@id\":\"https:\\\/\\\/colophon-grignan.fr\\\/#\\\/schema\\\/logo\\\/image\\\/\"},\"sameAs\":[\"https:\\\/\\\/www.facebook.com\\\/colophongrignan\",\"https:\\\/\\\/www.pinterest.fr\\\/colophongrignan\\\/\",\"https:\\\/\\\/www.instagram.com\\\/colophon_grignan\\\/\"]}]}<\/script>\n<!-- \/ Yoast SEO plugin. -->","yoast_head_json":{"title":"S\u00e9jour p\u00e9dagogique de cr\u00e9ation d'un livre - Colophon","description":"S\u00e9jour p\u00e9dagogique pour cr\u00e9er un livre en entier en typographie ! Le groupe compose les textes et grave les illustrations. Atelier p\u00e9dagogique de cr\u00e9ation","robots":{"index":"index","follow":"follow","max-snippet":"max-snippet:-1","max-image-preview":"max-image-preview:large","max-video-preview":"max-video-preview:-1"},"canonical":"https:\/\/colophon-grignan.fr\/index.php\/sejour-pedagogique-livre\/","og_locale":"fr_FR","og_type":"article","og_title":"S\u00e9jour p\u00e9dagogique de cr\u00e9ation d'un livre - Colophon","og_description":"S\u00e9jour p\u00e9dagogique pour cr\u00e9er un livre en entier en typographie ! Le groupe compose les textes et grave les illustrations. Atelier p\u00e9dagogique de cr\u00e9ation","og_url":"https:\/\/colophon-grignan.fr\/index.php\/sejour-pedagogique-livre\/","og_site_name":"Colophon, Maison de l&#039;Imprimeur","article_publisher":"https:\/\/www.facebook.com\/colophongrignan","article_modified_time":"2020-08-09T15:23:20+00:00","og_image":[{"url":"https:\/\/colophon-grignan.fr\/wp-content\/uploads\/2019\/04\/animation-scolaire-livre-15.jpg","type":"","width":"","height":""}],"twitter_card":"summary_large_image","schema":{"@context":"https:\/\/schema.org","@graph":[{"@type":"WebPage","@id":"https:\/\/colophon-grignan.fr\/index.php\/sejour-pedagogique-livre\/","url":"https:\/\/colophon-grignan.fr\/index.php\/sejour-pedagogique-livre\/","name":"S\u00e9jour p\u00e9dagogique de cr\u00e9ation d'un livre - Colophon","isPartOf":{"@id":"https:\/\/colophon-grignan.fr\/#website"},"primaryImageOfPage":{"@id":"https:\/\/colophon-grignan.fr\/index.php\/sejour-pedagogique-livre\/#primaryimage"},"image":{"@id":"https:\/\/colophon-grignan.fr\/index.php\/sejour-pedagogique-livre\/#primaryimage"},"thumbnailUrl":"https:\/\/colophon-grignan.fr\/wp-content\/uploads\/2019\/04\/animation-scolaire-livre-15.jpg","datePublished":"2016-06-29T14:07:19+00:00","dateModified":"2020-08-09T15:23:20+00:00","description":"S\u00e9jour p\u00e9dagogique pour cr\u00e9er un livre en entier en typographie ! Le groupe compose les textes et grave les illustrations. Atelier p\u00e9dagogique de cr\u00e9ation","breadcrumb":{"@id":"https:\/\/colophon-grignan.fr\/index.php\/sejour-pedagogique-livre\/#breadcrumb"},"inLanguage":"fr-FR","potentialAction":[{"@type":"ReadAction","target":["https:\/\/colophon-grignan.fr\/index.php\/sejour-pedagogique-livre\/"]}]},{"@type":"ImageObject","inLanguage":"fr-FR","@id":"https:\/\/colophon-grignan.fr\/index.php\/sejour-pedagogique-livre\/#primaryimage","url":"","contentUrl":""},{"@type":"BreadcrumbList","@id":"https:\/\/colophon-grignan.fr\/index.php\/sejour-pedagogique-livre\/#breadcrumb","itemListElement":[{"@type":"ListItem","position":1,"name":"Accueil","item":"https:\/\/colophon-grignan.fr\/"},{"@type":"ListItem","position":2,"name":"Mon s\u00e9jour p\u00e9dagogique au mus\u00e9e"}]},{"@type":"WebSite","@id":"https:\/\/colophon-grignan.fr\/#website","url":"https:\/\/colophon-grignan.fr\/","name":"Colophon - Maison de l&#039;Imprimeur","description":"Atelier-Mus\u00e9e &amp; Librairie","publisher":{"@id":"https:\/\/colophon-grignan.fr\/#organization"},"potentialAction":[{"@type":"SearchAction","target":{"@type":"EntryPoint","urlTemplate":"https:\/\/colophon-grignan.fr\/?s={search_term_string}"},"query-input":{"@type":"PropertyValueSpecification","valueRequired":true,"valueName":"search_term_string"}}],"inLanguage":"fr-FR"},{"@type":"Organization","@id":"https:\/\/colophon-grignan.fr\/#organization","name":"Colophon - Maison de l'Imprimeur","url":"https:\/\/colophon-grignan.fr\/","logo":{"@type":"ImageObject","inLanguage":"fr-FR","@id":"https:\/\/colophon-grignan.fr\/#\/schema\/logo\/image\/","url":"https:\/\/i0.wp.com\/colophon-grignan.fr\/wp-content\/uploads\/2016\/12\/GRAND-CHAT.gif?fit=474%2C618&ssl=1","contentUrl":"https:\/\/i0.wp.com\/colophon-grignan.fr\/wp-content\/uploads\/2016\/12\/GRAND-CHAT.gif?fit=474%2C618&ssl=1","width":474,"height":618,"caption":"Colophon - Maison de l'Imprimeur"},"image":{"@id":"https:\/\/colophon-grignan.fr\/#\/schema\/logo\/image\/"},"sameAs":["https:\/\/www.facebook.com\/colophongrignan","https:\/\/www.pinterest.fr\/colophongrignan\/","https:\/\/www.instagram.com\/colophon_grignan\/"]}]}},"_links":{"self":[{"href":"https:\/\/colophon-grignan.fr\/index.php\/wp-json\/wp\/v2\/pages\/827","targetHints":{"allow":["GET"]}}],"collection":[{"href":"https:\/\/colophon-grignan.fr\/index.php\/wp-json\/wp\/v2\/pages"}],"about":[{"href":"https:\/\/colophon-grignan.fr\/index.php\/wp-json\/wp\/v2\/types\/page"}],"author":[{"embeddable":true,"href":"https:\/\/colophon-grignan.fr\/index.php\/wp-json\/wp\/v2\/users\/6"}],"replies":[{"embeddable":true,"href":"https:\/\/colophon-grignan.fr\/index.php\/wp-json\/wp\/v2\/comments?post=827"}],"version-history":[{"count":0,"href":"https:\/\/colophon-grignan.fr\/index.php\/wp-json\/wp\/v2\/pages\/827\/revisions"}],"wp:attachment":[{"href":"https:\/\/colophon-grignan.fr\/index.php\/wp-json\/wp\/v2\/media?parent=827"}],"curies":[{"name":"wp","href":"https:\/\/api.w.org\/{rel}","templated":true}]}}