{"id":2623,"date":"2019-03-27T18:04:49","date_gmt":"2019-03-27T17:04:49","guid":{"rendered":"https:\/\/colophon-grignan.fr\/?post_type=product&#038;p=2623"},"modified":"2024-09-03T11:39:23","modified_gmt":"2024-09-03T09:39:23","slug":"letterpress-marque-pages-suares","status":"publish","type":"product","link":"https:\/\/colophon-grignan.fr\/index.php\/produit\/letterpress-marque-pages-suares\/","title":{"rendered":"Marque-Pages Suares"},"content":{"rendered":"<p>Composition manuelle au plomb, impression sur presse traditionnelle. Papier : 230g<\/p>\n","protected":false},"excerpt":{"rendered":"<p>Andr\u00e9 Suares et ses paroles proph\u00e9tiques !<\/p>\n","protected":false},"featured_media":5954,"comment_status":"closed","ping_status":"closed","template":"","meta":[],"product_brand":[],"product_cat":[19],"product_tag":[],"class_list":{"0":"post-2623","1":"product","2":"type-product","3":"status-publish","4":"has-post-thumbnail","6":"product_cat-carnets-marque-pages","8":"first","9":"instock","10":"shipping-taxable","11":"purchasable","12":"product-type-simple"},"yoast_head":"<!-- This site is optimized with the Yoast SEO plugin v27.0 - https:\/\/yoast.com\/product\/yoast-seo-wordpress\/ -->\n<title>Marque-Pages Suares Letterpress - Colophon, Maison de l&#039;Imprimeur<\/title>\n<meta name=\"description\" content=\"Marque-pages r\u00e9alis\u00e9 en typographie letterpress &quot;Il est possible que le livre soit le dernier refuge de l&#039;homme libre&quot;. Id\u00e9e cadeau original et insolite\" \/>\n<meta name=\"robots\" content=\"index, follow, max-snippet:-1, max-image-preview:large, max-video-preview:-1\" \/>\n<link rel=\"canonical\" href=\"https:\/\/colophon-grignan.fr\/index.php\/produit\/letterpress-marque-pages-suares\/\" \/>\n<meta property=\"og:locale\" content=\"fr_FR\" \/>\n<meta property=\"og:type\" content=\"article\" \/>\n<meta property=\"og:title\" content=\"Marque-Pages Suares Letterpress - Colophon, Maison de l&#039;Imprimeur\" \/>\n<meta property=\"og:description\" content=\"Marque-pages r\u00e9alis\u00e9 en typographie letterpress &quot;Il est possible que le livre soit le dernier refuge de l&#039;homme libre&quot;. Id\u00e9e cadeau original et insolite\" \/>\n<meta property=\"og:url\" content=\"https:\/\/colophon-grignan.fr\/index.php\/produit\/letterpress-marque-pages-suares\/\" \/>\n<meta property=\"og:site_name\" content=\"Colophon, Maison de l&#039;Imprimeur\" \/>\n<meta property=\"article:publisher\" content=\"https:\/\/www.facebook.com\/colophongrignan\" \/>\n<meta property=\"article:modified_time\" content=\"2024-09-03T09:39:23+00:00\" \/>\n<meta property=\"og:image\" content=\"https:\/\/colophon-grignan.fr\/wp-content\/uploads\/2019\/03\/marquepage-suares-bleu-recto-scaled.jpg\" \/>\n\t<meta property=\"og:image:width\" content=\"1071\" \/>\n\t<meta property=\"og:image:height\" content=\"2560\" \/>\n\t<meta property=\"og:image:type\" content=\"image\/jpeg\" \/>\n<meta name=\"twitter:card\" content=\"summary_large_image\" \/>\n<meta name=\"twitter:label1\" content=\"Dur\u00e9e de lecture estim\u00e9e\" \/>\n\t<meta name=\"twitter:data1\" content=\"1 minute\" \/>\n<script type=\"application\/ld+json\" class=\"yoast-schema-graph\">{\"@context\":\"https:\/\/schema.org\",\"@graph\":[{\"@type\":\"WebPage\",\"@id\":\"https:\/\/colophon-grignan.fr\/index.php\/produit\/letterpress-marque-pages-suares\/\",\"url\":\"https:\/\/colophon-grignan.fr\/index.php\/produit\/letterpress-marque-pages-suares\/\",\"name\":\"Marque-Pages Suares Letterpress - Colophon, Maison de l&#039;Imprimeur\",\"isPartOf\":{\"@id\":\"https:\/\/colophon-grignan.fr\/#website\"},\"primaryImageOfPage\":{\"@id\":\"https:\/\/colophon-grignan.fr\/index.php\/produit\/letterpress-marque-pages-suares\/#primaryimage\"},\"image\":{\"@id\":\"https:\/\/colophon-grignan.fr\/index.php\/produit\/letterpress-marque-pages-suares\/#primaryimage\"},\"thumbnailUrl\":\"https:\/\/colophon-grignan.fr\/wp-content\/uploads\/2019\/03\/marquepage-suares-bleu-recto-scaled.jpg\",\"datePublished\":\"2019-03-27T17:04:49+00:00\",\"dateModified\":\"2024-09-03T09:39:23+00:00\",\"description\":\"Marque-pages r\u00e9alis\u00e9 en typographie letterpress \\\"Il est possible que le livre soit le dernier refuge de l'homme libre\\\". Id\u00e9e cadeau original et insolite\",\"breadcrumb\":{\"@id\":\"https:\/\/colophon-grignan.fr\/index.php\/produit\/letterpress-marque-pages-suares\/#breadcrumb\"},\"inLanguage\":\"fr-FR\",\"potentialAction\":[{\"@type\":\"ReadAction\",\"target\":[\"https:\/\/colophon-grignan.fr\/index.php\/produit\/letterpress-marque-pages-suares\/\"]}]},{\"@type\":\"ImageObject\",\"inLanguage\":\"fr-FR\",\"@id\":\"https:\/\/colophon-grignan.fr\/index.php\/produit\/letterpress-marque-pages-suares\/#primaryimage\",\"url\":\"https:\/\/colophon-grignan.fr\/wp-content\/uploads\/2019\/03\/marquepage-suares-bleu-recto-scaled.jpg\",\"contentUrl\":\"https:\/\/colophon-grignan.fr\/wp-content\/uploads\/2019\/03\/marquepage-suares-bleu-recto-scaled.jpg\",\"width\":1071,\"height\":2560,\"caption\":\"Marque-page recto avec citation de Andr\u00e9 Suares\"},{\"@type\":\"BreadcrumbList\",\"@id\":\"https:\/\/colophon-grignan.fr\/index.php\/produit\/letterpress-marque-pages-suares\/#breadcrumb\",\"itemListElement\":[{\"@type\":\"ListItem\",\"position\":1,\"name\":\"Accueil\",\"item\":\"https:\/\/colophon-grignan.fr\/\"},{\"@type\":\"ListItem\",\"position\":2,\"name\":\"\u00c9ditions &#038; Boutique Letterpress\",\"item\":\"https:\/\/colophon-grignan.fr\/index.php\/boutique-letterpress\/\"},{\"@type\":\"ListItem\",\"position\":3,\"name\":\"Marque-Pages Suares\"}]},{\"@type\":\"WebSite\",\"@id\":\"https:\/\/colophon-grignan.fr\/#website\",\"url\":\"https:\/\/colophon-grignan.fr\/\",\"name\":\"Colophon - Maison de l&#039;Imprimeur\",\"description\":\"Atelier-Mus\u00e9e &amp; Librairie\",\"publisher\":{\"@id\":\"https:\/\/colophon-grignan.fr\/#organization\"},\"potentialAction\":[{\"@type\":\"SearchAction\",\"target\":{\"@type\":\"EntryPoint\",\"urlTemplate\":\"https:\/\/colophon-grignan.fr\/?s={search_term_string}\"},\"query-input\":{\"@type\":\"PropertyValueSpecification\",\"valueRequired\":true,\"valueName\":\"search_term_string\"}}],\"inLanguage\":\"fr-FR\"},{\"@type\":\"Organization\",\"@id\":\"https:\/\/colophon-grignan.fr\/#organization\",\"name\":\"Colophon - Maison de l'Imprimeur\",\"url\":\"https:\/\/colophon-grignan.fr\/\",\"logo\":{\"@type\":\"ImageObject\",\"inLanguage\":\"fr-FR\",\"@id\":\"https:\/\/colophon-grignan.fr\/#\/schema\/logo\/image\/\",\"url\":\"https:\/\/i0.wp.com\/colophon-grignan.fr\/wp-content\/uploads\/2016\/12\/GRAND-CHAT.gif?fit=474%2C618&ssl=1\",\"contentUrl\":\"https:\/\/i0.wp.com\/colophon-grignan.fr\/wp-content\/uploads\/2016\/12\/GRAND-CHAT.gif?fit=474%2C618&ssl=1\",\"width\":474,\"height\":618,\"caption\":\"Colophon - Maison de l'Imprimeur\"},\"image\":{\"@id\":\"https:\/\/colophon-grignan.fr\/#\/schema\/logo\/image\/\"},\"sameAs\":[\"https:\/\/www.facebook.com\/colophongrignan\",\"https:\/\/www.pinterest.fr\/colophongrignan\/\",\"https:\/\/www.instagram.com\/colophon_grignan\/\"]}]}<\/script>\n<!-- \/ Yoast SEO plugin. -->","yoast_head_json":{"title":"Marque-Pages Suares Letterpress - Colophon, Maison de l&#039;Imprimeur","description":"Marque-pages r\u00e9alis\u00e9 en typographie letterpress \"Il est possible que le livre soit le dernier refuge de l'homme libre\". Id\u00e9e cadeau original et insolite","robots":{"index":"index","follow":"follow","max-snippet":"max-snippet:-1","max-image-preview":"max-image-preview:large","max-video-preview":"max-video-preview:-1"},"canonical":"https:\/\/colophon-grignan.fr\/index.php\/produit\/letterpress-marque-pages-suares\/","og_locale":"fr_FR","og_type":"article","og_title":"Marque-Pages Suares Letterpress - Colophon, Maison de l&#039;Imprimeur","og_description":"Marque-pages r\u00e9alis\u00e9 en typographie letterpress \"Il est possible que le livre soit le dernier refuge de l'homme libre\". Id\u00e9e cadeau original et insolite","og_url":"https:\/\/colophon-grignan.fr\/index.php\/produit\/letterpress-marque-pages-suares\/","og_site_name":"Colophon, Maison de l&#039;Imprimeur","article_publisher":"https:\/\/www.facebook.com\/colophongrignan","article_modified_time":"2024-09-03T09:39:23+00:00","og_image":[{"width":1071,"height":2560,"url":"https:\/\/colophon-grignan.fr\/wp-content\/uploads\/2019\/03\/marquepage-suares-bleu-recto-scaled.jpg","type":"image\/jpeg"}],"twitter_card":"summary_large_image","twitter_misc":{"Dur\u00e9e de lecture estim\u00e9e":"1 minute"},"schema":{"@context":"https:\/\/schema.org","@graph":[{"@type":"WebPage","@id":"https:\/\/colophon-grignan.fr\/index.php\/produit\/letterpress-marque-pages-suares\/","url":"https:\/\/colophon-grignan.fr\/index.php\/produit\/letterpress-marque-pages-suares\/","name":"Marque-Pages Suares Letterpress - Colophon, Maison de l&#039;Imprimeur","isPartOf":{"@id":"https:\/\/colophon-grignan.fr\/#website"},"primaryImageOfPage":{"@id":"https:\/\/colophon-grignan.fr\/index.php\/produit\/letterpress-marque-pages-suares\/#primaryimage"},"image":{"@id":"https:\/\/colophon-grignan.fr\/index.php\/produit\/letterpress-marque-pages-suares\/#primaryimage"},"thumbnailUrl":"https:\/\/colophon-grignan.fr\/wp-content\/uploads\/2019\/03\/marquepage-suares-bleu-recto-scaled.jpg","datePublished":"2019-03-27T17:04:49+00:00","dateModified":"2024-09-03T09:39:23+00:00","description":"Marque-pages r\u00e9alis\u00e9 en typographie letterpress \"Il est possible que le livre soit le dernier refuge de l'homme libre\". Id\u00e9e cadeau original et insolite","breadcrumb":{"@id":"https:\/\/colophon-grignan.fr\/index.php\/produit\/letterpress-marque-pages-suares\/#breadcrumb"},"inLanguage":"fr-FR","potentialAction":[{"@type":"ReadAction","target":["https:\/\/colophon-grignan.fr\/index.php\/produit\/letterpress-marque-pages-suares\/"]}]},{"@type":"ImageObject","inLanguage":"fr-FR","@id":"https:\/\/colophon-grignan.fr\/index.php\/produit\/letterpress-marque-pages-suares\/#primaryimage","url":"https:\/\/colophon-grignan.fr\/wp-content\/uploads\/2019\/03\/marquepage-suares-bleu-recto-scaled.jpg","contentUrl":"https:\/\/colophon-grignan.fr\/wp-content\/uploads\/2019\/03\/marquepage-suares-bleu-recto-scaled.jpg","width":1071,"height":2560,"caption":"Marque-page recto avec citation de Andr\u00e9 Suares"},{"@type":"BreadcrumbList","@id":"https:\/\/colophon-grignan.fr\/index.php\/produit\/letterpress-marque-pages-suares\/#breadcrumb","itemListElement":[{"@type":"ListItem","position":1,"name":"Accueil","item":"https:\/\/colophon-grignan.fr\/"},{"@type":"ListItem","position":2,"name":"\u00c9ditions &#038; Boutique Letterpress","item":"https:\/\/colophon-grignan.fr\/index.php\/boutique-letterpress\/"},{"@type":"ListItem","position":3,"name":"Marque-Pages Suares"}]},{"@type":"WebSite","@id":"https:\/\/colophon-grignan.fr\/#website","url":"https:\/\/colophon-grignan.fr\/","name":"Colophon - Maison de l&#039;Imprimeur","description":"Atelier-Mus\u00e9e &amp; Librairie","publisher":{"@id":"https:\/\/colophon-grignan.fr\/#organization"},"potentialAction":[{"@type":"SearchAction","target":{"@type":"EntryPoint","urlTemplate":"https:\/\/colophon-grignan.fr\/?s={search_term_string}"},"query-input":{"@type":"PropertyValueSpecification","valueRequired":true,"valueName":"search_term_string"}}],"inLanguage":"fr-FR"},{"@type":"Organization","@id":"https:\/\/colophon-grignan.fr\/#organization","name":"Colophon - Maison de l'Imprimeur","url":"https:\/\/colophon-grignan.fr\/","logo":{"@type":"ImageObject","inLanguage":"fr-FR","@id":"https:\/\/colophon-grignan.fr\/#\/schema\/logo\/image\/","url":"https:\/\/i0.wp.com\/colophon-grignan.fr\/wp-content\/uploads\/2016\/12\/GRAND-CHAT.gif?fit=474%2C618&ssl=1","contentUrl":"https:\/\/i0.wp.com\/colophon-grignan.fr\/wp-content\/uploads\/2016\/12\/GRAND-CHAT.gif?fit=474%2C618&ssl=1","width":474,"height":618,"caption":"Colophon - Maison de l'Imprimeur"},"image":{"@id":"https:\/\/colophon-grignan.fr\/#\/schema\/logo\/image\/"},"sameAs":["https:\/\/www.facebook.com\/colophongrignan","https:\/\/www.pinterest.fr\/colophongrignan\/","https:\/\/www.instagram.com\/colophon_grignan\/"]}]}},"_links":{"self":[{"href":"https:\/\/colophon-grignan.fr\/index.php\/wp-json\/wp\/v2\/product\/2623","targetHints":{"allow":["GET"]}}],"collection":[{"href":"https:\/\/colophon-grignan.fr\/index.php\/wp-json\/wp\/v2\/product"}],"about":[{"href":"https:\/\/colophon-grignan.fr\/index.php\/wp-json\/wp\/v2\/types\/product"}],"replies":[{"embeddable":true,"href":"https:\/\/colophon-grignan.fr\/index.php\/wp-json\/wp\/v2\/comments?post=2623"}],"wp:featuredmedia":[{"embeddable":true,"href":"https:\/\/colophon-grignan.fr\/index.php\/wp-json\/wp\/v2\/media\/5954"}],"wp:attachment":[{"href":"https:\/\/colophon-grignan.fr\/index.php\/wp-json\/wp\/v2\/media?parent=2623"}],"wp:term":[{"taxonomy":"product_brand","embeddable":true,"href":"https:\/\/colophon-grignan.fr\/index.php\/wp-json\/wp\/v2\/product_brand?post=2623"},{"taxonomy":"product_cat","embeddable":true,"href":"https:\/\/colophon-grignan.fr\/index.php\/wp-json\/wp\/v2\/product_cat?post=2623"},{"taxonomy":"product_tag","embeddable":true,"href":"https:\/\/colophon-grignan.fr\/index.php\/wp-json\/wp\/v2\/product_tag?post=2623"}],"curies":[{"name":"wp","href":"https:\/\/api.w.org\/{rel}","templated":true}]}}