{"id":5670,"date":"2023-11-24T17:41:07","date_gmt":"2023-11-24T16:41:07","guid":{"rendered":"https:\/\/colophon-grignan.fr\/?post_type=product&#038;p=5670"},"modified":"2023-11-24T17:41:08","modified_gmt":"2023-11-24T16:41:08","slug":"le-coeur-a-terre","status":"publish","type":"product","link":"https:\/\/colophon-grignan.fr\/index.php\/produit\/le-coeur-a-terre\/","title":{"rendered":"Le Coeur \u00e0 Terre"},"content":{"rendered":"<p><a href=\"https:\/\/detectivedesmots.wordpress.com\/2018\/04\/11\/leporello-definition-origine\/\">Leporello<\/a> d&rsquo;un recueil de <a href=\"https:\/\/colophon-grignan.fr\/index.php\/produit\/livre-dart-le-chant-de-sulamith\/\">po\u00e9sie<\/a> par Eve Lomemech.<\/p>\n<p>Illustr\u00e9 en linogravure par 5 passages couleur, compos\u00e9 enti\u00e8rement \u00e0 la main<\/p>\n","protected":false},"excerpt":{"rendered":"<p>Leporello po\u00e9tique<\/p>\n","protected":false},"featured_media":5671,"comment_status":"closed","ping_status":"closed","template":"","meta":[],"product_brand":[],"product_cat":[20],"product_tag":[],"class_list":{"0":"post-5670","1":"product","2":"type-product","3":"status-publish","4":"has-post-thumbnail","6":"product_cat-livres-dart","8":"first","9":"instock","10":"shipping-taxable","11":"purchasable","12":"product-type-simple"},"yoast_head":"<!-- This site is optimized with the Yoast SEO plugin v27.0 - https:\/\/yoast.com\/product\/yoast-seo-wordpress\/ -->\n<title>Le Coeur \u00e0 Terre - Colophon, Maison de l&#039;Imprimeur<\/title>\n<meta name=\"description\" content=\"Recueil de po\u00e9sie Le coeur \u00e0 terre, faconn\u00e9 en leporello et grav\u00e9 de 5 passages de linogravures, enti\u00e8rement compos\u00e9 \u00e0 la main en typographie\" \/>\n<meta name=\"robots\" content=\"index, follow, max-snippet:-1, max-image-preview:large, max-video-preview:-1\" \/>\n<link rel=\"canonical\" href=\"https:\/\/colophon-grignan.fr\/index.php\/produit\/le-coeur-a-terre\/\" \/>\n<meta property=\"og:locale\" content=\"fr_FR\" \/>\n<meta property=\"og:type\" content=\"article\" \/>\n<meta property=\"og:title\" content=\"Le Coeur \u00e0 Terre - Colophon, Maison de l&#039;Imprimeur\" \/>\n<meta property=\"og:description\" content=\"Recueil de po\u00e9sie Le coeur \u00e0 terre, faconn\u00e9 en leporello et grav\u00e9 de 5 passages de linogravures, enti\u00e8rement compos\u00e9 \u00e0 la main en typographie\" \/>\n<meta property=\"og:url\" content=\"https:\/\/colophon-grignan.fr\/index.php\/produit\/le-coeur-a-terre\/\" \/>\n<meta property=\"og:site_name\" content=\"Colophon, Maison de l&#039;Imprimeur\" \/>\n<meta property=\"article:publisher\" content=\"https:\/\/www.facebook.com\/colophongrignan\" \/>\n<meta property=\"article:modified_time\" content=\"2023-11-24T16:41:08+00:00\" \/>\n<meta property=\"og:image\" content=\"https:\/\/colophon-grignan.fr\/wp-content\/uploads\/2023\/11\/coeur-a-terre-couverture-scaled.jpg\" \/>\n\t<meta property=\"og:image:width\" content=\"2543\" \/>\n\t<meta property=\"og:image:height\" content=\"2560\" \/>\n\t<meta property=\"og:image:type\" content=\"image\/jpeg\" \/>\n<meta name=\"twitter:card\" content=\"summary_large_image\" \/>\n<meta name=\"twitter:label1\" content=\"Dur\u00e9e de lecture estim\u00e9e\" \/>\n\t<meta name=\"twitter:data1\" content=\"1 minute\" \/>\n<script type=\"application\/ld+json\" class=\"yoast-schema-graph\">{\"@context\":\"https:\/\/schema.org\",\"@graph\":[{\"@type\":\"WebPage\",\"@id\":\"https:\/\/colophon-grignan.fr\/index.php\/produit\/le-coeur-a-terre\/\",\"url\":\"https:\/\/colophon-grignan.fr\/index.php\/produit\/le-coeur-a-terre\/\",\"name\":\"Le Coeur \u00e0 Terre - Colophon, Maison de l&#039;Imprimeur\",\"isPartOf\":{\"@id\":\"https:\/\/colophon-grignan.fr\/#website\"},\"primaryImageOfPage\":{\"@id\":\"https:\/\/colophon-grignan.fr\/index.php\/produit\/le-coeur-a-terre\/#primaryimage\"},\"image\":{\"@id\":\"https:\/\/colophon-grignan.fr\/index.php\/produit\/le-coeur-a-terre\/#primaryimage\"},\"thumbnailUrl\":\"https:\/\/colophon-grignan.fr\/wp-content\/uploads\/2023\/11\/coeur-a-terre-couverture-scaled.jpg\",\"datePublished\":\"2023-11-24T16:41:07+00:00\",\"dateModified\":\"2023-11-24T16:41:08+00:00\",\"description\":\"Recueil de po\u00e9sie Le coeur \u00e0 terre, faconn\u00e9 en leporello et grav\u00e9 de 5 passages de linogravures, enti\u00e8rement compos\u00e9 \u00e0 la main en typographie\",\"breadcrumb\":{\"@id\":\"https:\/\/colophon-grignan.fr\/index.php\/produit\/le-coeur-a-terre\/#breadcrumb\"},\"inLanguage\":\"fr-FR\",\"potentialAction\":[{\"@type\":\"ReadAction\",\"target\":[\"https:\/\/colophon-grignan.fr\/index.php\/produit\/le-coeur-a-terre\/\"]}]},{\"@type\":\"ImageObject\",\"inLanguage\":\"fr-FR\",\"@id\":\"https:\/\/colophon-grignan.fr\/index.php\/produit\/le-coeur-a-terre\/#primaryimage\",\"url\":\"https:\/\/colophon-grignan.fr\/wp-content\/uploads\/2023\/11\/coeur-a-terre-couverture-scaled.jpg\",\"contentUrl\":\"https:\/\/colophon-grignan.fr\/wp-content\/uploads\/2023\/11\/coeur-a-terre-couverture-scaled.jpg\",\"width\":2543,\"height\":2560,\"caption\":\"Couverture du leporello de po\u00e9sie Le Coeur \u00e0 Terre\"},{\"@type\":\"BreadcrumbList\",\"@id\":\"https:\/\/colophon-grignan.fr\/index.php\/produit\/le-coeur-a-terre\/#breadcrumb\",\"itemListElement\":[{\"@type\":\"ListItem\",\"position\":1,\"name\":\"Accueil\",\"item\":\"https:\/\/colophon-grignan.fr\/\"},{\"@type\":\"ListItem\",\"position\":2,\"name\":\"\u00c9ditions &#038; Boutique Letterpress\",\"item\":\"https:\/\/colophon-grignan.fr\/index.php\/boutique-letterpress\/\"},{\"@type\":\"ListItem\",\"position\":3,\"name\":\"Le Coeur \u00e0 Terre\"}]},{\"@type\":\"WebSite\",\"@id\":\"https:\/\/colophon-grignan.fr\/#website\",\"url\":\"https:\/\/colophon-grignan.fr\/\",\"name\":\"Colophon - Maison de l&#039;Imprimeur\",\"description\":\"Atelier-Mus\u00e9e &amp; Librairie\",\"publisher\":{\"@id\":\"https:\/\/colophon-grignan.fr\/#organization\"},\"potentialAction\":[{\"@type\":\"SearchAction\",\"target\":{\"@type\":\"EntryPoint\",\"urlTemplate\":\"https:\/\/colophon-grignan.fr\/?s={search_term_string}\"},\"query-input\":{\"@type\":\"PropertyValueSpecification\",\"valueRequired\":true,\"valueName\":\"search_term_string\"}}],\"inLanguage\":\"fr-FR\"},{\"@type\":\"Organization\",\"@id\":\"https:\/\/colophon-grignan.fr\/#organization\",\"name\":\"Colophon - Maison de l'Imprimeur\",\"url\":\"https:\/\/colophon-grignan.fr\/\",\"logo\":{\"@type\":\"ImageObject\",\"inLanguage\":\"fr-FR\",\"@id\":\"https:\/\/colophon-grignan.fr\/#\/schema\/logo\/image\/\",\"url\":\"https:\/\/i0.wp.com\/colophon-grignan.fr\/wp-content\/uploads\/2016\/12\/GRAND-CHAT.gif?fit=474%2C618&ssl=1\",\"contentUrl\":\"https:\/\/i0.wp.com\/colophon-grignan.fr\/wp-content\/uploads\/2016\/12\/GRAND-CHAT.gif?fit=474%2C618&ssl=1\",\"width\":474,\"height\":618,\"caption\":\"Colophon - Maison de l'Imprimeur\"},\"image\":{\"@id\":\"https:\/\/colophon-grignan.fr\/#\/schema\/logo\/image\/\"},\"sameAs\":[\"https:\/\/www.facebook.com\/colophongrignan\",\"https:\/\/www.pinterest.fr\/colophongrignan\/\",\"https:\/\/www.instagram.com\/colophon_grignan\/\"]}]}<\/script>\n<!-- \/ Yoast SEO plugin. -->","yoast_head_json":{"title":"Le Coeur \u00e0 Terre - Colophon, Maison de l&#039;Imprimeur","description":"Recueil de po\u00e9sie Le coeur \u00e0 terre, faconn\u00e9 en leporello et grav\u00e9 de 5 passages de linogravures, enti\u00e8rement compos\u00e9 \u00e0 la main en typographie","robots":{"index":"index","follow":"follow","max-snippet":"max-snippet:-1","max-image-preview":"max-image-preview:large","max-video-preview":"max-video-preview:-1"},"canonical":"https:\/\/colophon-grignan.fr\/index.php\/produit\/le-coeur-a-terre\/","og_locale":"fr_FR","og_type":"article","og_title":"Le Coeur \u00e0 Terre - Colophon, Maison de l&#039;Imprimeur","og_description":"Recueil de po\u00e9sie Le coeur \u00e0 terre, faconn\u00e9 en leporello et grav\u00e9 de 5 passages de linogravures, enti\u00e8rement compos\u00e9 \u00e0 la main en typographie","og_url":"https:\/\/colophon-grignan.fr\/index.php\/produit\/le-coeur-a-terre\/","og_site_name":"Colophon, Maison de l&#039;Imprimeur","article_publisher":"https:\/\/www.facebook.com\/colophongrignan","article_modified_time":"2023-11-24T16:41:08+00:00","og_image":[{"width":2543,"height":2560,"url":"https:\/\/colophon-grignan.fr\/wp-content\/uploads\/2023\/11\/coeur-a-terre-couverture-scaled.jpg","type":"image\/jpeg"}],"twitter_card":"summary_large_image","twitter_misc":{"Dur\u00e9e de lecture estim\u00e9e":"1 minute"},"schema":{"@context":"https:\/\/schema.org","@graph":[{"@type":"WebPage","@id":"https:\/\/colophon-grignan.fr\/index.php\/produit\/le-coeur-a-terre\/","url":"https:\/\/colophon-grignan.fr\/index.php\/produit\/le-coeur-a-terre\/","name":"Le Coeur \u00e0 Terre - Colophon, Maison de l&#039;Imprimeur","isPartOf":{"@id":"https:\/\/colophon-grignan.fr\/#website"},"primaryImageOfPage":{"@id":"https:\/\/colophon-grignan.fr\/index.php\/produit\/le-coeur-a-terre\/#primaryimage"},"image":{"@id":"https:\/\/colophon-grignan.fr\/index.php\/produit\/le-coeur-a-terre\/#primaryimage"},"thumbnailUrl":"https:\/\/colophon-grignan.fr\/wp-content\/uploads\/2023\/11\/coeur-a-terre-couverture-scaled.jpg","datePublished":"2023-11-24T16:41:07+00:00","dateModified":"2023-11-24T16:41:08+00:00","description":"Recueil de po\u00e9sie Le coeur \u00e0 terre, faconn\u00e9 en leporello et grav\u00e9 de 5 passages de linogravures, enti\u00e8rement compos\u00e9 \u00e0 la main en typographie","breadcrumb":{"@id":"https:\/\/colophon-grignan.fr\/index.php\/produit\/le-coeur-a-terre\/#breadcrumb"},"inLanguage":"fr-FR","potentialAction":[{"@type":"ReadAction","target":["https:\/\/colophon-grignan.fr\/index.php\/produit\/le-coeur-a-terre\/"]}]},{"@type":"ImageObject","inLanguage":"fr-FR","@id":"https:\/\/colophon-grignan.fr\/index.php\/produit\/le-coeur-a-terre\/#primaryimage","url":"https:\/\/colophon-grignan.fr\/wp-content\/uploads\/2023\/11\/coeur-a-terre-couverture-scaled.jpg","contentUrl":"https:\/\/colophon-grignan.fr\/wp-content\/uploads\/2023\/11\/coeur-a-terre-couverture-scaled.jpg","width":2543,"height":2560,"caption":"Couverture du leporello de po\u00e9sie Le Coeur \u00e0 Terre"},{"@type":"BreadcrumbList","@id":"https:\/\/colophon-grignan.fr\/index.php\/produit\/le-coeur-a-terre\/#breadcrumb","itemListElement":[{"@type":"ListItem","position":1,"name":"Accueil","item":"https:\/\/colophon-grignan.fr\/"},{"@type":"ListItem","position":2,"name":"\u00c9ditions &#038; Boutique Letterpress","item":"https:\/\/colophon-grignan.fr\/index.php\/boutique-letterpress\/"},{"@type":"ListItem","position":3,"name":"Le Coeur \u00e0 Terre"}]},{"@type":"WebSite","@id":"https:\/\/colophon-grignan.fr\/#website","url":"https:\/\/colophon-grignan.fr\/","name":"Colophon - Maison de l&#039;Imprimeur","description":"Atelier-Mus\u00e9e &amp; Librairie","publisher":{"@id":"https:\/\/colophon-grignan.fr\/#organization"},"potentialAction":[{"@type":"SearchAction","target":{"@type":"EntryPoint","urlTemplate":"https:\/\/colophon-grignan.fr\/?s={search_term_string}"},"query-input":{"@type":"PropertyValueSpecification","valueRequired":true,"valueName":"search_term_string"}}],"inLanguage":"fr-FR"},{"@type":"Organization","@id":"https:\/\/colophon-grignan.fr\/#organization","name":"Colophon - Maison de l'Imprimeur","url":"https:\/\/colophon-grignan.fr\/","logo":{"@type":"ImageObject","inLanguage":"fr-FR","@id":"https:\/\/colophon-grignan.fr\/#\/schema\/logo\/image\/","url":"https:\/\/i0.wp.com\/colophon-grignan.fr\/wp-content\/uploads\/2016\/12\/GRAND-CHAT.gif?fit=474%2C618&ssl=1","contentUrl":"https:\/\/i0.wp.com\/colophon-grignan.fr\/wp-content\/uploads\/2016\/12\/GRAND-CHAT.gif?fit=474%2C618&ssl=1","width":474,"height":618,"caption":"Colophon - Maison de l'Imprimeur"},"image":{"@id":"https:\/\/colophon-grignan.fr\/#\/schema\/logo\/image\/"},"sameAs":["https:\/\/www.facebook.com\/colophongrignan","https:\/\/www.pinterest.fr\/colophongrignan\/","https:\/\/www.instagram.com\/colophon_grignan\/"]}]}},"_links":{"self":[{"href":"https:\/\/colophon-grignan.fr\/index.php\/wp-json\/wp\/v2\/product\/5670","targetHints":{"allow":["GET"]}}],"collection":[{"href":"https:\/\/colophon-grignan.fr\/index.php\/wp-json\/wp\/v2\/product"}],"about":[{"href":"https:\/\/colophon-grignan.fr\/index.php\/wp-json\/wp\/v2\/types\/product"}],"replies":[{"embeddable":true,"href":"https:\/\/colophon-grignan.fr\/index.php\/wp-json\/wp\/v2\/comments?post=5670"}],"wp:featuredmedia":[{"embeddable":true,"href":"https:\/\/colophon-grignan.fr\/index.php\/wp-json\/wp\/v2\/media\/5671"}],"wp:attachment":[{"href":"https:\/\/colophon-grignan.fr\/index.php\/wp-json\/wp\/v2\/media?parent=5670"}],"wp:term":[{"taxonomy":"product_brand","embeddable":true,"href":"https:\/\/colophon-grignan.fr\/index.php\/wp-json\/wp\/v2\/product_brand?post=5670"},{"taxonomy":"product_cat","embeddable":true,"href":"https:\/\/colophon-grignan.fr\/index.php\/wp-json\/wp\/v2\/product_cat?post=5670"},{"taxonomy":"product_tag","embeddable":true,"href":"https:\/\/colophon-grignan.fr\/index.php\/wp-json\/wp\/v2\/product_tag?post=5670"}],"curies":[{"name":"wp","href":"https:\/\/api.w.org\/{rel}","templated":true}]}}